{"id":746,"date":"2026-02-04T12:32:40","date_gmt":"2026-02-04T12:32:40","guid":{"rendered":"https:\/\/www.imprentadigitalguzman.com\/inicio\/?post_type=product&#038;p=746"},"modified":"2026-03-11T12:09:56","modified_gmt":"2026-03-11T12:09:56","slug":"body-bebe-personalizado-algodon","status":"publish","type":"product","link":"https:\/\/www.imprentadigitalguzman.com\/inicio\/producto\/body-bebe-personalizado-algodon\/","title":{"rendered":"BODY BABY"},"content":{"rendered":"<p data-start=\"312\" data-end=\"600\">El <strong data-start=\"315\" data-end=\"328\">Body Baby<\/strong> es un <strong data-start=\"335\" data-end=\"375\">body unisex para beb\u00e9 de manga corta<\/strong>, dise\u00f1ado para ofrecer <strong data-start=\"399\" data-end=\"436\">comodidad, suavidad y practicidad<\/strong> durante los primeros meses. Confeccionado en <strong data-start=\"482\" data-end=\"499\">100 % algod\u00f3n<\/strong>, proporciona un tacto agradable y transpirable, ideal para el contacto directo con la piel del beb\u00e9.<\/p>\n<p data-start=\"602\" data-end=\"816\">Es perfecto para <strong data-start=\"619\" data-end=\"677\">personalizaci\u00f3n mediante serigraf\u00eda, vinilo o transfer<\/strong>, convirti\u00e9ndose en una opci\u00f3n ideal para <strong data-start=\"719\" data-end=\"815\">regalos personalizados, nacimientos, eventos familiares, guarder\u00edas o merchandising infantil<\/strong>.<\/p>\n<p data-start=\"818\" data-end=\"1086\">Su dise\u00f1o tipo <strong data-start=\"833\" data-end=\"850\">baby playsuit<\/strong> incorpora <strong data-start=\"861\" data-end=\"900\">corchetes de metal en hombro y bajo<\/strong>, facilitando el cambio y la colocaci\u00f3n. El <strong data-start=\"944\" data-end=\"977\">cuello redondo con canal\u00e9 1&#215;1<\/strong> aporta elasticidad y resistencia, mientras que la <strong data-start=\"1028\" data-end=\"1050\">etiqueta removible<\/strong> evita roces y molestias en la piel.<\/p>\n<p data-start=\"1088\" data-end=\"1224\">Disponible en <strong data-start=\"1102\" data-end=\"1116\">11 colores<\/strong> y en tallas desde los <strong data-start=\"1139\" data-end=\"1163\">3 hasta los 18 meses<\/strong>, es una prenda b\u00e1sica, c\u00f3moda y funcional para el d\u00eda a d\u00eda.<\/p>\n<p data-start=\"1226\" data-end=\"1317\">Con un <strong data-start=\"1233\" data-end=\"1256\">gramaje de 170 g\/m\u00b2<\/strong>, ofrece un equilibrio perfecto entre ligereza y durabilidad.<\/p>\n<p data-start=\"1226\" data-end=\"1317\">\n<hr data-start=\"1319\" data-end=\"1322\" \/>\n<h3 data-start=\"1324\" data-end=\"1356\"><strong data-start=\"1328\" data-end=\"1356\">Caracter\u00edsticas t\u00e9cnicas<\/strong><\/h3>\n<ul data-start=\"1357\" data-end=\"1511\">\n<li data-start=\"1357\" data-end=\"1372\">\n<p data-start=\"1359\" data-end=\"1372\">Manga corta<\/p>\n<\/li>\n<li data-start=\"1373\" data-end=\"1390\">\n<p data-start=\"1375\" data-end=\"1390\">Baby playsuit<\/p>\n<\/li>\n<li data-start=\"1391\" data-end=\"1430\">\n<p data-start=\"1393\" data-end=\"1430\">Corchetes de metal en hombro y bajo<\/p>\n<\/li>\n<li data-start=\"1431\" data-end=\"1464\">\n<p data-start=\"1433\" data-end=\"1464\">Cuello redondo con canal\u00e9 1&#215;1<\/p>\n<\/li>\n<li data-start=\"1465\" data-end=\"1487\">\n<p data-start=\"1467\" data-end=\"1487\">Etiqueta removible<\/p>\n<\/li>\n<li data-start=\"1488\" data-end=\"1511\">\n<p data-start=\"1490\" data-end=\"1511\">Gramaje: <strong data-start=\"1499\" data-end=\"1511\">170 g\/m\u00b2<\/strong><\/p>\n<\/li>\n<\/ul>\n<p>&nbsp;<\/p>\n<hr data-start=\"1513\" data-end=\"1516\" \/>\n<h3 data-start=\"1518\" data-end=\"1549\"><strong data-start=\"1522\" data-end=\"1549\">Composici\u00f3n seg\u00fan color<\/strong><\/h3>\n<ul data-start=\"1550\" data-end=\"1629\">\n<li data-start=\"1550\" data-end=\"1589\">\n<p data-start=\"1552\" data-end=\"1589\"><strong data-start=\"1552\" data-end=\"1559\">GM:<\/strong> 85 % algod\u00f3n \/ 15 % viscosa<\/p>\n<\/li>\n<li data-start=\"1590\" data-end=\"1629\">\n<p data-start=\"1592\" data-end=\"1629\"><strong data-start=\"1592\" data-end=\"1613\">Resto de colores:<\/strong> 100 % algod\u00f3n<\/p>\n<\/li>\n<\/ul>\n","protected":false},"excerpt":{"rendered":"<p data-start=\"1675\" data-end=\"1773\">Body b\u00e1sico para beb\u00e9 en algod\u00f3n, suave y c\u00f3modo. Ideal para personalizaci\u00f3n y regalos infantiles.<\/p>\n","protected":false},"featured_media":747,"comment_status":"closed","ping_status":"closed","template":"","meta":{"_et_pb_use_builder":"","_et_pb_old_content":"","_et_gb_content_width":"","_joinchat":[]},"product_brand":[],"product_cat":[239,240],"product_tag":[246,247,248,154,109,138,111,142],"class_list":{"0":"post-746","1":"product","2":"type-product","3":"status-publish","4":"has-post-thumbnail","6":"product_cat-bebe","7":"product_cat-body","8":"product_tag-bebe","9":"product_tag-body","10":"product_tag-canale","11":"product_tag-cuello-redondo","12":"product_tag-etiqueta-removible","13":"product_tag-personalizar","14":"product_tag-seriegrafia","15":"product_tag-vinilo","17":"first","18":"instock","19":"taxable","20":"shipping-taxable","21":"purchasable","22":"product-type-variable"},"yoast_head":"<!-- This site is optimized with the Yoast SEO plugin v27.4 - https:\/\/yoast.com\/product\/yoast-seo-wordpress\/ -->\n<title>BODY BABY - Imprenta Digital Guzm\u00e1n<\/title>\n<meta name=\"description\" content=\"Body unisex para beb\u00e9 en algod\u00f3n, ideal para personalizaci\u00f3n con serigraf\u00eda o vinilo. Disponible en 11 colores y tallas de 3 a 18 meses.\" \/>\n<meta name=\"robots\" content=\"index, follow, max-snippet:-1, max-image-preview:large, max-video-preview:-1\" \/>\n<link rel=\"canonical\" href=\"https:\/\/www.imprentadigitalguzman.com\/inicio\/producto\/body-bebe-personalizado-algodon\/\" \/>\n<meta property=\"og:locale\" content=\"es_ES\" \/>\n<meta property=\"og:type\" content=\"article\" \/>\n<meta property=\"og:title\" content=\"BODY BABY - Imprenta Digital Guzm\u00e1n\" \/>\n<meta property=\"og:description\" content=\"Body unisex para beb\u00e9 en algod\u00f3n, ideal para personalizaci\u00f3n con serigraf\u00eda o vinilo. Disponible en 11 colores y tallas de 3 a 18 meses.\" \/>\n<meta property=\"og:url\" content=\"https:\/\/www.imprentadigitalguzman.com\/inicio\/producto\/body-bebe-personalizado-algodon\/\" \/>\n<meta property=\"og:site_name\" content=\"Imprenta Digital Guzm\u00e1n\" \/>\n<meta property=\"article:modified_time\" content=\"2026-03-11T12:09:56+00:00\" \/>\n<meta property=\"og:image\" content=\"https:\/\/www.imprentadigitalguzman.com\/wp-content\/uploads\/2026\/02\/ChatGPT-Image-4-feb-2026-13_28_55.png\" \/>\n\t<meta property=\"og:image:width\" content=\"1024\" \/>\n\t<meta property=\"og:image:height\" content=\"1536\" \/>\n\t<meta property=\"og:image:type\" content=\"image\/png\" \/>\n<meta name=\"twitter:card\" content=\"summary_large_image\" \/>\n<meta name=\"twitter:label1\" content=\"Tiempo de lectura\" \/>\n\t<meta name=\"twitter:data1\" content=\"2 minutos\" \/>\n<script type=\"application\/ld+json\" class=\"yoast-schema-graph\">{\"@context\":\"https:\\\/\\\/schema.org\",\"@graph\":[{\"@type\":\"WebPage\",\"@id\":\"https:\\\/\\\/www.imprentadigitalguzman.com\\\/inicio\\\/producto\\\/body-bebe-personalizado-algodon\\\/\",\"url\":\"https:\\\/\\\/www.imprentadigitalguzman.com\\\/inicio\\\/producto\\\/body-bebe-personalizado-algodon\\\/\",\"name\":\"BODY BABY - Imprenta Digital Guzm\u00e1n\",\"isPartOf\":{\"@id\":\"https:\\\/\\\/www.imprentadigitalguzman.com\\\/inicio\\\/#website\"},\"primaryImageOfPage\":{\"@id\":\"https:\\\/\\\/www.imprentadigitalguzman.com\\\/inicio\\\/producto\\\/body-bebe-personalizado-algodon\\\/#primaryimage\"},\"image\":{\"@id\":\"https:\\\/\\\/www.imprentadigitalguzman.com\\\/inicio\\\/producto\\\/body-bebe-personalizado-algodon\\\/#primaryimage\"},\"thumbnailUrl\":\"https:\\\/\\\/www.imprentadigitalguzman.com\\\/wp-content\\\/uploads\\\/2026\\\/02\\\/ChatGPT-Image-4-feb-2026-13_28_55.png\",\"datePublished\":\"2026-02-04T12:32:40+00:00\",\"dateModified\":\"2026-03-11T12:09:56+00:00\",\"description\":\"Body unisex para beb\u00e9 en algod\u00f3n, ideal para personalizaci\u00f3n con serigraf\u00eda o vinilo. Disponible en 11 colores y tallas de 3 a 18 meses.\",\"breadcrumb\":{\"@id\":\"https:\\\/\\\/www.imprentadigitalguzman.com\\\/inicio\\\/producto\\\/body-bebe-personalizado-algodon\\\/#breadcrumb\"},\"inLanguage\":\"es\",\"potentialAction\":[{\"@type\":\"ReadAction\",\"target\":[\"https:\\\/\\\/www.imprentadigitalguzman.com\\\/inicio\\\/producto\\\/body-bebe-personalizado-algodon\\\/\"]}]},{\"@type\":\"ImageObject\",\"inLanguage\":\"es\",\"@id\":\"https:\\\/\\\/www.imprentadigitalguzman.com\\\/inicio\\\/producto\\\/body-bebe-personalizado-algodon\\\/#primaryimage\",\"url\":\"https:\\\/\\\/www.imprentadigitalguzman.com\\\/wp-content\\\/uploads\\\/2026\\\/02\\\/ChatGPT-Image-4-feb-2026-13_28_55.png\",\"contentUrl\":\"https:\\\/\\\/www.imprentadigitalguzman.com\\\/wp-content\\\/uploads\\\/2026\\\/02\\\/ChatGPT-Image-4-feb-2026-13_28_55.png\",\"width\":1024,\"height\":1536,\"caption\":\"bodi-bebe-personalizables-merchandising-espa\u00f1a-mejor-precio\"},{\"@type\":\"BreadcrumbList\",\"@id\":\"https:\\\/\\\/www.imprentadigitalguzman.com\\\/inicio\\\/producto\\\/body-bebe-personalizado-algodon\\\/#breadcrumb\",\"itemListElement\":[{\"@type\":\"ListItem\",\"position\":1,\"name\":\"Portada\",\"item\":\"https:\\\/\\\/www.imprentadigitalguzman.com\\\/inicio\\\/\"},{\"@type\":\"ListItem\",\"position\":2,\"name\":\"Shop\",\"item\":\"https:\\\/\\\/www.imprentadigitalguzman.com\\\/inicio\\\/shop\\\/\"},{\"@type\":\"ListItem\",\"position\":3,\"name\":\"BODY BABY\"}]},{\"@type\":\"WebSite\",\"@id\":\"https:\\\/\\\/www.imprentadigitalguzman.com\\\/inicio\\\/#website\",\"url\":\"https:\\\/\\\/www.imprentadigitalguzman.com\\\/inicio\\\/\",\"name\":\"Imprenta Digital Guzm\u00e1n\",\"description\":\"\",\"potentialAction\":[{\"@type\":\"SearchAction\",\"target\":{\"@type\":\"EntryPoint\",\"urlTemplate\":\"https:\\\/\\\/www.imprentadigitalguzman.com\\\/inicio\\\/?s={search_term_string}\"},\"query-input\":{\"@type\":\"PropertyValueSpecification\",\"valueRequired\":true,\"valueName\":\"search_term_string\"}}],\"inLanguage\":\"es\"}]}<\/script>\n<!-- \/ Yoast SEO plugin. -->","yoast_head_json":{"title":"BODY BABY - Imprenta Digital Guzm\u00e1n","description":"Body unisex para beb\u00e9 en algod\u00f3n, ideal para personalizaci\u00f3n con serigraf\u00eda o vinilo. Disponible en 11 colores y tallas de 3 a 18 meses.","robots":{"index":"index","follow":"follow","max-snippet":"max-snippet:-1","max-image-preview":"max-image-preview:large","max-video-preview":"max-video-preview:-1"},"canonical":"https:\/\/www.imprentadigitalguzman.com\/inicio\/producto\/body-bebe-personalizado-algodon\/","og_locale":"es_ES","og_type":"article","og_title":"BODY BABY - Imprenta Digital Guzm\u00e1n","og_description":"Body unisex para beb\u00e9 en algod\u00f3n, ideal para personalizaci\u00f3n con serigraf\u00eda o vinilo. Disponible en 11 colores y tallas de 3 a 18 meses.","og_url":"https:\/\/www.imprentadigitalguzman.com\/inicio\/producto\/body-bebe-personalizado-algodon\/","og_site_name":"Imprenta Digital Guzm\u00e1n","article_modified_time":"2026-03-11T12:09:56+00:00","og_image":[{"width":1024,"height":1536,"url":"https:\/\/www.imprentadigitalguzman.com\/wp-content\/uploads\/2026\/02\/ChatGPT-Image-4-feb-2026-13_28_55.png","type":"image\/png"}],"twitter_card":"summary_large_image","twitter_misc":{"Tiempo de lectura":"2 minutos"},"schema":{"@context":"https:\/\/schema.org","@graph":[{"@type":"WebPage","@id":"https:\/\/www.imprentadigitalguzman.com\/inicio\/producto\/body-bebe-personalizado-algodon\/","url":"https:\/\/www.imprentadigitalguzman.com\/inicio\/producto\/body-bebe-personalizado-algodon\/","name":"BODY BABY - Imprenta Digital Guzm\u00e1n","isPartOf":{"@id":"https:\/\/www.imprentadigitalguzman.com\/inicio\/#website"},"primaryImageOfPage":{"@id":"https:\/\/www.imprentadigitalguzman.com\/inicio\/producto\/body-bebe-personalizado-algodon\/#primaryimage"},"image":{"@id":"https:\/\/www.imprentadigitalguzman.com\/inicio\/producto\/body-bebe-personalizado-algodon\/#primaryimage"},"thumbnailUrl":"https:\/\/www.imprentadigitalguzman.com\/wp-content\/uploads\/2026\/02\/ChatGPT-Image-4-feb-2026-13_28_55.png","datePublished":"2026-02-04T12:32:40+00:00","dateModified":"2026-03-11T12:09:56+00:00","description":"Body unisex para beb\u00e9 en algod\u00f3n, ideal para personalizaci\u00f3n con serigraf\u00eda o vinilo. Disponible en 11 colores y tallas de 3 a 18 meses.","breadcrumb":{"@id":"https:\/\/www.imprentadigitalguzman.com\/inicio\/producto\/body-bebe-personalizado-algodon\/#breadcrumb"},"inLanguage":"es","potentialAction":[{"@type":"ReadAction","target":["https:\/\/www.imprentadigitalguzman.com\/inicio\/producto\/body-bebe-personalizado-algodon\/"]}]},{"@type":"ImageObject","inLanguage":"es","@id":"https:\/\/www.imprentadigitalguzman.com\/inicio\/producto\/body-bebe-personalizado-algodon\/#primaryimage","url":"https:\/\/www.imprentadigitalguzman.com\/wp-content\/uploads\/2026\/02\/ChatGPT-Image-4-feb-2026-13_28_55.png","contentUrl":"https:\/\/www.imprentadigitalguzman.com\/wp-content\/uploads\/2026\/02\/ChatGPT-Image-4-feb-2026-13_28_55.png","width":1024,"height":1536,"caption":"bodi-bebe-personalizables-merchandising-espa\u00f1a-mejor-precio"},{"@type":"BreadcrumbList","@id":"https:\/\/www.imprentadigitalguzman.com\/inicio\/producto\/body-bebe-personalizado-algodon\/#breadcrumb","itemListElement":[{"@type":"ListItem","position":1,"name":"Portada","item":"https:\/\/www.imprentadigitalguzman.com\/inicio\/"},{"@type":"ListItem","position":2,"name":"Shop","item":"https:\/\/www.imprentadigitalguzman.com\/inicio\/shop\/"},{"@type":"ListItem","position":3,"name":"BODY BABY"}]},{"@type":"WebSite","@id":"https:\/\/www.imprentadigitalguzman.com\/inicio\/#website","url":"https:\/\/www.imprentadigitalguzman.com\/inicio\/","name":"Imprenta Digital Guzm\u00e1n","description":"","potentialAction":[{"@type":"SearchAction","target":{"@type":"EntryPoint","urlTemplate":"https:\/\/www.imprentadigitalguzman.com\/inicio\/?s={search_term_string}"},"query-input":{"@type":"PropertyValueSpecification","valueRequired":true,"valueName":"search_term_string"}}],"inLanguage":"es"}]}},"_links":{"self":[{"href":"https:\/\/www.imprentadigitalguzman.com\/inicio\/wp-json\/wp\/v2\/product\/746","targetHints":{"allow":["GET"]}}],"collection":[{"href":"https:\/\/www.imprentadigitalguzman.com\/inicio\/wp-json\/wp\/v2\/product"}],"about":[{"href":"https:\/\/www.imprentadigitalguzman.com\/inicio\/wp-json\/wp\/v2\/types\/product"}],"replies":[{"embeddable":true,"href":"https:\/\/www.imprentadigitalguzman.com\/inicio\/wp-json\/wp\/v2\/comments?post=746"}],"wp:featuredmedia":[{"embeddable":true,"href":"https:\/\/www.imprentadigitalguzman.com\/inicio\/wp-json\/wp\/v2\/media\/747"}],"wp:attachment":[{"href":"https:\/\/www.imprentadigitalguzman.com\/inicio\/wp-json\/wp\/v2\/media?parent=746"}],"wp:term":[{"taxonomy":"product_brand","embeddable":true,"href":"https:\/\/www.imprentadigitalguzman.com\/inicio\/wp-json\/wp\/v2\/product_brand?post=746"},{"taxonomy":"product_cat","embeddable":true,"href":"https:\/\/www.imprentadigitalguzman.com\/inicio\/wp-json\/wp\/v2\/product_cat?post=746"},{"taxonomy":"product_tag","embeddable":true,"href":"https:\/\/www.imprentadigitalguzman.com\/inicio\/wp-json\/wp\/v2\/product_tag?post=746"}],"curies":[{"name":"wp","href":"https:\/\/api.w.org\/{rel}","templated":true}]}}