{"id":545,"date":"2026-02-03T11:10:29","date_gmt":"2026-02-03T11:10:29","guid":{"rendered":"https:\/\/www.imprentadigitalguzman.com\/inicio\/?post_type=product&#038;p=545"},"modified":"2026-03-11T12:29:35","modified_gmt":"2026-03-11T12:29:35","slug":"regular-polo-lady-personalizado","status":"publish","type":"product","link":"https:\/\/www.imprentadigitalguzman.com\/inicio\/producto\/regular-polo-lady-personalizado\/","title":{"rendered":"REGULAR POLO LADY"},"content":{"rendered":"<p data-start=\"313\" data-end=\"654\">El <strong data-start=\"316\" data-end=\"337\">Regular Polo Lady<\/strong> es un <strong data-start=\"344\" data-end=\"384\">polo piqu\u00e9 para mujer de manga corta<\/strong>, dise\u00f1ado para ofrecer un equilibrio perfecto entre <strong data-start=\"437\" data-end=\"475\">comodidad, elegancia y resistencia<\/strong>. Confeccionado en <strong data-start=\"494\" data-end=\"531\">100 % algod\u00f3n peinado preencogido<\/strong>, garantiza un tacto suave, una excelente transpirabilidad y una gran durabilidad, manteniendo su forma lavado tras lavado.<\/p>\n<p data-start=\"656\" data-end=\"959\">Su <strong data-start=\"659\" data-end=\"690\">corte ligeramente entallado<\/strong> realza la silueta de forma c\u00f3moda, convirti\u00e9ndolo en una prenda ideal para <strong data-start=\"766\" data-end=\"836\">ropa corporativa, uniformes, eventos y merchandising personalizado<\/strong>. El <strong data-start=\"841\" data-end=\"857\">tejido piqu\u00e9<\/strong> aporta estructura y un acabado profesional, perfecto para proyectos que requieren una imagen cuidada.<\/p>\n<p data-start=\"961\" data-end=\"1230\">Incorpora <strong data-start=\"971\" data-end=\"998\">tapeta con tres botones<\/strong>, <strong data-start=\"1000\" data-end=\"1033\">cuello y bocamangas en canal\u00e9<\/strong> para un mejor ajuste, y <strong data-start=\"1058\" data-end=\"1081\">aberturas laterales<\/strong> que aportan mayor libertad de movimiento. Dispone de <strong data-start=\"1135\" data-end=\"1157\">etiqueta removible<\/strong>, facilitando la creaci\u00f3n de marcas propias y colecciones personalizadas.<\/p>\n<p data-start=\"1232\" data-end=\"1512\">Es ideal para <strong data-start=\"1246\" data-end=\"1295\">bordado, serigraf\u00eda, transfer y vinilo textil<\/strong>, ofreciendo resultados limpios y duraderos. Est\u00e1 disponible en <strong data-start=\"1359\" data-end=\"1373\">38 colores<\/strong> y en tallas desde la <strong data-start=\"1395\" data-end=\"1413\">S hasta la 3XL<\/strong>, formando parte de una gama completa que incluye versiones para <strong data-start=\"1478\" data-end=\"1511\">hombre, ni\u00f1o y tallas grandes<\/strong>.<\/p>\n<p data-start=\"1514\" data-end=\"1604\">Con un <strong data-start=\"1521\" data-end=\"1544\">gramaje de 200 g\/m\u00b2<\/strong>, este polo ofrece cuerpo, resistencia y un acabado premium.<\/p>\n<p data-start=\"1514\" data-end=\"1604\">\n<hr data-start=\"1606\" data-end=\"1609\" \/>\n<h3 data-start=\"1611\" data-end=\"1643\"><strong data-start=\"1615\" data-end=\"1643\">Caracter\u00edsticas t\u00e9cnicas<\/strong><\/h3>\n<ul data-start=\"1644\" data-end=\"1841\">\n<li data-start=\"1644\" data-end=\"1659\">\n<p data-start=\"1646\" data-end=\"1659\">Manga corta<\/p>\n<\/li>\n<li data-start=\"1660\" data-end=\"1676\">\n<p data-start=\"1662\" data-end=\"1676\">Tejido piqu\u00e9<\/p>\n<\/li>\n<li data-start=\"1677\" data-end=\"1708\">\n<p data-start=\"1679\" data-end=\"1708\">Corte ligeramente entallado<\/p>\n<\/li>\n<li data-start=\"1709\" data-end=\"1736\">\n<p data-start=\"1711\" data-end=\"1736\">Tapeta con tres botones<\/p>\n<\/li>\n<li data-start=\"1737\" data-end=\"1770\">\n<p data-start=\"1739\" data-end=\"1770\">Cuello y bocamangas en canal\u00e9<\/p>\n<\/li>\n<li data-start=\"1771\" data-end=\"1794\">\n<p data-start=\"1773\" data-end=\"1794\">Aberturas laterales<\/p>\n<\/li>\n<li data-start=\"1795\" data-end=\"1817\">\n<p data-start=\"1797\" data-end=\"1817\">Etiqueta removible<\/p>\n<\/li>\n<li data-start=\"1818\" data-end=\"1841\">\n<p data-start=\"1820\" data-end=\"1841\">Gramaje: <strong data-start=\"1829\" data-end=\"1841\">200 g\/m\u00b2<\/strong><\/p>\n<\/li>\n<\/ul>\n<p>&nbsp;<\/p>\n<hr data-start=\"1843\" data-end=\"1846\" \/>\n<h3 data-start=\"1848\" data-end=\"1879\"><strong data-start=\"1852\" data-end=\"1879\">Composici\u00f3n seg\u00fan color<\/strong><\/h3>\n<ul data-start=\"1880\" data-end=\"2018\">\n<li data-start=\"1880\" data-end=\"1919\">\n<p data-start=\"1882\" data-end=\"1919\"><strong data-start=\"1882\" data-end=\"1889\">GM:<\/strong> 85 % algod\u00f3n \/ 15 % viscosa<\/p>\n<\/li>\n<li data-start=\"1920\" data-end=\"1958\">\n<p data-start=\"1922\" data-end=\"1958\"><strong data-start=\"1922\" data-end=\"1929\">AS:<\/strong> 98 % algod\u00f3n \/ 2 % viscosa<\/p>\n<\/li>\n<li data-start=\"1959\" data-end=\"2018\">\n<p data-start=\"1961\" data-end=\"2018\"><strong data-start=\"1961\" data-end=\"1982\">Resto de colores:<\/strong> 100 % algod\u00f3n peinado preencogido<\/p>\n<\/li>\n<\/ul>\n","protected":false},"excerpt":{"rendered":"<p>Polo piqu\u00e9 de mujer en algod\u00f3n peinado preencogido, ligeramente entallado y resistente. Ideal para bordado y personalizaci\u00f3n textil.<\/p>\n","protected":false},"featured_media":546,"comment_status":"closed","ping_status":"closed","template":"","meta":{"_et_pb_use_builder":"","_et_pb_old_content":"","_et_gb_content_width":"","_joinchat":[]},"product_brand":[],"product_cat":[191],"product_tag":[106,109,134,105,139,152,174,192,127,153],"class_list":{"0":"post-545","1":"product","2":"type-product","3":"status-publish","4":"has-post-thumbnail","6":"product_cat-polo-mujer","7":"product_tag-algodon","8":"product_tag-etiqueta-removible","9":"product_tag-impresion-textil","10":"product_tag-manga-corta","11":"product_tag-mujer","12":"product_tag-personalizara","13":"product_tag-polo","14":"product_tag-polo-premium","15":"product_tag-premium","16":"product_tag-sudadera-personalizable","18":"first","19":"instock","20":"taxable","21":"shipping-taxable","22":"purchasable","23":"product-type-variable"},"yoast_head":"<!-- This site is optimized with the Yoast SEO plugin v27.4 - https:\/\/yoast.com\/product\/yoast-seo-wordpress\/ -->\n<title>REGULAR POLO LADY - Imprenta Digital Guzm\u00e1n<\/title>\n<meta name=\"description\" content=\"Polo piqu\u00e9 de mujer en algod\u00f3n peinado preencogido, ligeramente entallado y ideal para personalizaci\u00f3n. Disponible en 38 colores y tallas S a 3XL.\" \/>\n<meta name=\"robots\" content=\"index, follow, max-snippet:-1, max-image-preview:large, max-video-preview:-1\" \/>\n<link rel=\"canonical\" href=\"https:\/\/www.imprentadigitalguzman.com\/inicio\/producto\/regular-polo-lady-personalizado\/\" \/>\n<meta property=\"og:locale\" content=\"es_ES\" \/>\n<meta property=\"og:type\" content=\"article\" \/>\n<meta property=\"og:title\" content=\"REGULAR POLO LADY - Imprenta Digital Guzm\u00e1n\" \/>\n<meta property=\"og:description\" content=\"Polo piqu\u00e9 de mujer en algod\u00f3n peinado preencogido, ligeramente entallado y ideal para personalizaci\u00f3n. Disponible en 38 colores y tallas S a 3XL.\" \/>\n<meta property=\"og:url\" content=\"https:\/\/www.imprentadigitalguzman.com\/inicio\/producto\/regular-polo-lady-personalizado\/\" \/>\n<meta property=\"og:site_name\" content=\"Imprenta Digital Guzm\u00e1n\" \/>\n<meta property=\"article:modified_time\" content=\"2026-03-11T12:29:35+00:00\" \/>\n<meta property=\"og:image\" content=\"https:\/\/www.imprentadigitalguzman.com\/wp-content\/uploads\/2026\/02\/ChatGPT-Image-3-feb-2026-12_06_24.jpg\" \/>\n\t<meta property=\"og:image:width\" content=\"800\" \/>\n\t<meta property=\"og:image:height\" content=\"800\" \/>\n\t<meta property=\"og:image:type\" content=\"image\/jpeg\" \/>\n<meta name=\"twitter:card\" content=\"summary_large_image\" \/>\n<meta name=\"twitter:label1\" content=\"Tiempo de lectura\" \/>\n\t<meta name=\"twitter:data1\" content=\"2 minutos\" \/>\n<script type=\"application\/ld+json\" class=\"yoast-schema-graph\">{\"@context\":\"https:\\\/\\\/schema.org\",\"@graph\":[{\"@type\":\"WebPage\",\"@id\":\"https:\\\/\\\/www.imprentadigitalguzman.com\\\/inicio\\\/producto\\\/regular-polo-lady-personalizado\\\/\",\"url\":\"https:\\\/\\\/www.imprentadigitalguzman.com\\\/inicio\\\/producto\\\/regular-polo-lady-personalizado\\\/\",\"name\":\"REGULAR POLO LADY - Imprenta Digital Guzm\u00e1n\",\"isPartOf\":{\"@id\":\"https:\\\/\\\/www.imprentadigitalguzman.com\\\/inicio\\\/#website\"},\"primaryImageOfPage\":{\"@id\":\"https:\\\/\\\/www.imprentadigitalguzman.com\\\/inicio\\\/producto\\\/regular-polo-lady-personalizado\\\/#primaryimage\"},\"image\":{\"@id\":\"https:\\\/\\\/www.imprentadigitalguzman.com\\\/inicio\\\/producto\\\/regular-polo-lady-personalizado\\\/#primaryimage\"},\"thumbnailUrl\":\"https:\\\/\\\/www.imprentadigitalguzman.com\\\/wp-content\\\/uploads\\\/2026\\\/02\\\/ChatGPT-Image-3-feb-2026-12_06_24.jpg\",\"datePublished\":\"2026-02-03T11:10:29+00:00\",\"dateModified\":\"2026-03-11T12:29:35+00:00\",\"description\":\"Polo piqu\u00e9 de mujer en algod\u00f3n peinado preencogido, ligeramente entallado y ideal para personalizaci\u00f3n. Disponible en 38 colores y tallas S a 3XL.\",\"breadcrumb\":{\"@id\":\"https:\\\/\\\/www.imprentadigitalguzman.com\\\/inicio\\\/producto\\\/regular-polo-lady-personalizado\\\/#breadcrumb\"},\"inLanguage\":\"es\",\"potentialAction\":[{\"@type\":\"ReadAction\",\"target\":[\"https:\\\/\\\/www.imprentadigitalguzman.com\\\/inicio\\\/producto\\\/regular-polo-lady-personalizado\\\/\"]}]},{\"@type\":\"ImageObject\",\"inLanguage\":\"es\",\"@id\":\"https:\\\/\\\/www.imprentadigitalguzman.com\\\/inicio\\\/producto\\\/regular-polo-lady-personalizado\\\/#primaryimage\",\"url\":\"https:\\\/\\\/www.imprentadigitalguzman.com\\\/wp-content\\\/uploads\\\/2026\\\/02\\\/ChatGPT-Image-3-feb-2026-12_06_24.jpg\",\"contentUrl\":\"https:\\\/\\\/www.imprentadigitalguzman.com\\\/wp-content\\\/uploads\\\/2026\\\/02\\\/ChatGPT-Image-3-feb-2026-12_06_24.jpg\",\"width\":800,\"height\":800,\"caption\":\"polos-personalizables-merchandising-espa\u00f1a-mejor-precio\"},{\"@type\":\"BreadcrumbList\",\"@id\":\"https:\\\/\\\/www.imprentadigitalguzman.com\\\/inicio\\\/producto\\\/regular-polo-lady-personalizado\\\/#breadcrumb\",\"itemListElement\":[{\"@type\":\"ListItem\",\"position\":1,\"name\":\"Portada\",\"item\":\"https:\\\/\\\/www.imprentadigitalguzman.com\\\/inicio\\\/\"},{\"@type\":\"ListItem\",\"position\":2,\"name\":\"Shop\",\"item\":\"https:\\\/\\\/www.imprentadigitalguzman.com\\\/inicio\\\/shop\\\/\"},{\"@type\":\"ListItem\",\"position\":3,\"name\":\"REGULAR POLO LADY\"}]},{\"@type\":\"WebSite\",\"@id\":\"https:\\\/\\\/www.imprentadigitalguzman.com\\\/inicio\\\/#website\",\"url\":\"https:\\\/\\\/www.imprentadigitalguzman.com\\\/inicio\\\/\",\"name\":\"Imprenta Digital Guzm\u00e1n\",\"description\":\"\",\"potentialAction\":[{\"@type\":\"SearchAction\",\"target\":{\"@type\":\"EntryPoint\",\"urlTemplate\":\"https:\\\/\\\/www.imprentadigitalguzman.com\\\/inicio\\\/?s={search_term_string}\"},\"query-input\":{\"@type\":\"PropertyValueSpecification\",\"valueRequired\":true,\"valueName\":\"search_term_string\"}}],\"inLanguage\":\"es\"}]}<\/script>\n<!-- \/ Yoast SEO plugin. -->","yoast_head_json":{"title":"REGULAR POLO LADY - Imprenta Digital Guzm\u00e1n","description":"Polo piqu\u00e9 de mujer en algod\u00f3n peinado preencogido, ligeramente entallado y ideal para personalizaci\u00f3n. Disponible en 38 colores y tallas S a 3XL.","robots":{"index":"index","follow":"follow","max-snippet":"max-snippet:-1","max-image-preview":"max-image-preview:large","max-video-preview":"max-video-preview:-1"},"canonical":"https:\/\/www.imprentadigitalguzman.com\/inicio\/producto\/regular-polo-lady-personalizado\/","og_locale":"es_ES","og_type":"article","og_title":"REGULAR POLO LADY - Imprenta Digital Guzm\u00e1n","og_description":"Polo piqu\u00e9 de mujer en algod\u00f3n peinado preencogido, ligeramente entallado y ideal para personalizaci\u00f3n. Disponible en 38 colores y tallas S a 3XL.","og_url":"https:\/\/www.imprentadigitalguzman.com\/inicio\/producto\/regular-polo-lady-personalizado\/","og_site_name":"Imprenta Digital Guzm\u00e1n","article_modified_time":"2026-03-11T12:29:35+00:00","og_image":[{"width":800,"height":800,"url":"https:\/\/www.imprentadigitalguzman.com\/wp-content\/uploads\/2026\/02\/ChatGPT-Image-3-feb-2026-12_06_24.jpg","type":"image\/jpeg"}],"twitter_card":"summary_large_image","twitter_misc":{"Tiempo de lectura":"2 minutos"},"schema":{"@context":"https:\/\/schema.org","@graph":[{"@type":"WebPage","@id":"https:\/\/www.imprentadigitalguzman.com\/inicio\/producto\/regular-polo-lady-personalizado\/","url":"https:\/\/www.imprentadigitalguzman.com\/inicio\/producto\/regular-polo-lady-personalizado\/","name":"REGULAR POLO LADY - Imprenta Digital Guzm\u00e1n","isPartOf":{"@id":"https:\/\/www.imprentadigitalguzman.com\/inicio\/#website"},"primaryImageOfPage":{"@id":"https:\/\/www.imprentadigitalguzman.com\/inicio\/producto\/regular-polo-lady-personalizado\/#primaryimage"},"image":{"@id":"https:\/\/www.imprentadigitalguzman.com\/inicio\/producto\/regular-polo-lady-personalizado\/#primaryimage"},"thumbnailUrl":"https:\/\/www.imprentadigitalguzman.com\/wp-content\/uploads\/2026\/02\/ChatGPT-Image-3-feb-2026-12_06_24.jpg","datePublished":"2026-02-03T11:10:29+00:00","dateModified":"2026-03-11T12:29:35+00:00","description":"Polo piqu\u00e9 de mujer en algod\u00f3n peinado preencogido, ligeramente entallado y ideal para personalizaci\u00f3n. Disponible en 38 colores y tallas S a 3XL.","breadcrumb":{"@id":"https:\/\/www.imprentadigitalguzman.com\/inicio\/producto\/regular-polo-lady-personalizado\/#breadcrumb"},"inLanguage":"es","potentialAction":[{"@type":"ReadAction","target":["https:\/\/www.imprentadigitalguzman.com\/inicio\/producto\/regular-polo-lady-personalizado\/"]}]},{"@type":"ImageObject","inLanguage":"es","@id":"https:\/\/www.imprentadigitalguzman.com\/inicio\/producto\/regular-polo-lady-personalizado\/#primaryimage","url":"https:\/\/www.imprentadigitalguzman.com\/wp-content\/uploads\/2026\/02\/ChatGPT-Image-3-feb-2026-12_06_24.jpg","contentUrl":"https:\/\/www.imprentadigitalguzman.com\/wp-content\/uploads\/2026\/02\/ChatGPT-Image-3-feb-2026-12_06_24.jpg","width":800,"height":800,"caption":"polos-personalizables-merchandising-espa\u00f1a-mejor-precio"},{"@type":"BreadcrumbList","@id":"https:\/\/www.imprentadigitalguzman.com\/inicio\/producto\/regular-polo-lady-personalizado\/#breadcrumb","itemListElement":[{"@type":"ListItem","position":1,"name":"Portada","item":"https:\/\/www.imprentadigitalguzman.com\/inicio\/"},{"@type":"ListItem","position":2,"name":"Shop","item":"https:\/\/www.imprentadigitalguzman.com\/inicio\/shop\/"},{"@type":"ListItem","position":3,"name":"REGULAR POLO LADY"}]},{"@type":"WebSite","@id":"https:\/\/www.imprentadigitalguzman.com\/inicio\/#website","url":"https:\/\/www.imprentadigitalguzman.com\/inicio\/","name":"Imprenta Digital Guzm\u00e1n","description":"","potentialAction":[{"@type":"SearchAction","target":{"@type":"EntryPoint","urlTemplate":"https:\/\/www.imprentadigitalguzman.com\/inicio\/?s={search_term_string}"},"query-input":{"@type":"PropertyValueSpecification","valueRequired":true,"valueName":"search_term_string"}}],"inLanguage":"es"}]}},"_links":{"self":[{"href":"https:\/\/www.imprentadigitalguzman.com\/inicio\/wp-json\/wp\/v2\/product\/545","targetHints":{"allow":["GET"]}}],"collection":[{"href":"https:\/\/www.imprentadigitalguzman.com\/inicio\/wp-json\/wp\/v2\/product"}],"about":[{"href":"https:\/\/www.imprentadigitalguzman.com\/inicio\/wp-json\/wp\/v2\/types\/product"}],"replies":[{"embeddable":true,"href":"https:\/\/www.imprentadigitalguzman.com\/inicio\/wp-json\/wp\/v2\/comments?post=545"}],"wp:featuredmedia":[{"embeddable":true,"href":"https:\/\/www.imprentadigitalguzman.com\/inicio\/wp-json\/wp\/v2\/media\/546"}],"wp:attachment":[{"href":"https:\/\/www.imprentadigitalguzman.com\/inicio\/wp-json\/wp\/v2\/media?parent=545"}],"wp:term":[{"taxonomy":"product_brand","embeddable":true,"href":"https:\/\/www.imprentadigitalguzman.com\/inicio\/wp-json\/wp\/v2\/product_brand?post=545"},{"taxonomy":"product_cat","embeddable":true,"href":"https:\/\/www.imprentadigitalguzman.com\/inicio\/wp-json\/wp\/v2\/product_cat?post=545"},{"taxonomy":"product_tag","embeddable":true,"href":"https:\/\/www.imprentadigitalguzman.com\/inicio\/wp-json\/wp\/v2\/product_tag?post=545"}],"curies":[{"name":"wp","href":"https:\/\/api.w.org\/{rel}","templated":true}]}}