{"id":517,"date":"2026-02-02T16:44:40","date_gmt":"2026-02-02T16:44:40","guid":{"rendered":"https:\/\/www.imprentadigitalguzman.com\/inicio\/?post_type=product&#038;p=517"},"modified":"2026-03-11T12:32:01","modified_gmt":"2026-03-11T12:32:01","slug":"regular-polo-man-personalizado","status":"publish","type":"product","link":"https:\/\/www.imprentadigitalguzman.com\/inicio\/producto\/regular-polo-man-personalizado\/","title":{"rendered":"REGULAR POLO MAN"},"content":{"rendered":"<p data-start=\"299\" data-end=\"693\">El <strong data-start=\"302\" data-end=\"322\">Regular Polo Man<\/strong> es un <strong data-start=\"329\" data-end=\"370\">polo piqu\u00e9 de manga corta para hombre<\/strong>, confeccionado en <strong data-start=\"389\" data-end=\"426\">100 % algod\u00f3n peinado preencogido<\/strong>, que ofrece un tacto suave, mayor resistencia y un acabado de alta calidad. Es una prenda ideal para <strong data-start=\"528\" data-end=\"566\">personalizaci\u00f3n textil profesional<\/strong>, especialmente recomendada para <strong data-start=\"599\" data-end=\"610\">bordado<\/strong>, aunque tambi\u00e9n ofrece excelentes resultados en <strong data-start=\"659\" data-end=\"692\">serigraf\u00eda, transfer y vinilo<\/strong>.<\/p>\n<p data-start=\"695\" data-end=\"1034\">Su dise\u00f1o cl\u00e1sico y funcional incorpora <strong data-start=\"735\" data-end=\"751\">tejido piqu\u00e9<\/strong>, <strong data-start=\"753\" data-end=\"779\">tapeta con dos botones<\/strong>, <strong data-start=\"781\" data-end=\"814\">cuello y bocamangas en canal\u00e9<\/strong> y <strong data-start=\"817\" data-end=\"835\">botones a tono<\/strong>, aportando una imagen cuidada y profesional. Las <strong data-start=\"885\" data-end=\"908\">aberturas laterales<\/strong> mejoran la comodidad y el ajuste, haci\u00e9ndolo perfecto para uso diario, ropa corporativa, hosteler\u00eda, eventos o merchandising.<\/p>\n<p data-start=\"1036\" data-end=\"1285\">Incluye <strong data-start=\"1044\" data-end=\"1077\">etiqueta TearAway (removible)<\/strong>, ideal para marcas propias y proyectos personalizados. Est\u00e1 disponible en <strong data-start=\"1152\" data-end=\"1166\">56 colores<\/strong> y en un amplio rango de tallas que va desde la <strong data-start=\"1214\" data-end=\"1233\">XS hasta la 5XL<\/strong>, adapt\u00e1ndose a todo tipo de p\u00fablicos y necesidades.<\/p>\n<p data-start=\"1287\" data-end=\"1373\">Algunos colores est\u00e1n disponibles hasta la <strong data-start=\"1330\" data-end=\"1343\">talla 3XL<\/strong>: <strong data-start=\"1345\" data-end=\"1372\">WH, GM, BK, RB, RD y NY<\/strong>.<\/p>\n<p data-start=\"1375\" data-end=\"1696\">Adem\u00e1s, los <strong data-start=\"1387\" data-end=\"1401\">polos wash<\/strong> son prendas <strong data-start=\"1414\" data-end=\"1424\">\u00fanicas<\/strong>, ya que est\u00e1n tintados con pigmentos naturales. Por este motivo, polos del mismo color pueden presentar ligeras variaciones de tono. Se recomienda <strong data-start=\"1572\" data-end=\"1604\">lavar la prenda por separado<\/strong>, ya que con los lavados puede ir perdiendo color y adquirir un atractivo efecto envejecido.<\/p>\n<p data-start=\"1698\" data-end=\"1811\">Con un <strong data-start=\"1705\" data-end=\"1728\">gramaje de 210 g\/m\u00b2<\/strong>, este polo ofrece el equilibrio perfecto entre resistencia, comodidad y elegancia.<\/p>\n<hr data-start=\"1813\" data-end=\"1816\" \/>\n<h3 data-start=\"1818\" data-end=\"1850\"><strong data-start=\"1822\" data-end=\"1850\">Caracter\u00edsticas t\u00e9cnicas<\/strong><\/h3>\n<ul data-start=\"1851\" data-end=\"2052\">\n<li data-start=\"1851\" data-end=\"1874\">\n<p data-start=\"1853\" data-end=\"1874\">Polo de manga corta<\/p>\n<\/li>\n<li data-start=\"1875\" data-end=\"1891\">\n<p data-start=\"1877\" data-end=\"1891\">Tejido piqu\u00e9<\/p>\n<\/li>\n<li data-start=\"1892\" data-end=\"1918\">\n<p data-start=\"1894\" data-end=\"1918\">Tapeta con dos botones<\/p>\n<\/li>\n<li data-start=\"1919\" data-end=\"1951\">\n<p data-start=\"1921\" data-end=\"1951\">Cuello y bocamanga en canal\u00e9<\/p>\n<\/li>\n<li data-start=\"1952\" data-end=\"1970\">\n<p data-start=\"1954\" data-end=\"1970\">Botones a tono<\/p>\n<\/li>\n<li data-start=\"1971\" data-end=\"1994\">\n<p data-start=\"1973\" data-end=\"1994\">Aberturas laterales<\/p>\n<\/li>\n<li data-start=\"1995\" data-end=\"2028\">\n<p data-start=\"1997\" data-end=\"2028\">Etiqueta TearAway (removible)<\/p>\n<\/li>\n<li data-start=\"2029\" data-end=\"2052\">\n<p data-start=\"2031\" data-end=\"2052\">Gramaje: <strong data-start=\"2040\" data-end=\"2052\">210 g\/m\u00b2<\/strong><\/p>\n<\/li>\n<\/ul>\n<p>&nbsp;<\/p>\n<hr data-start=\"2054\" data-end=\"2057\" \/>\n<h3 data-start=\"2059\" data-end=\"2090\"><strong data-start=\"2063\" data-end=\"2090\">Composici\u00f3n seg\u00fan color<\/strong><\/h3>\n<ul data-start=\"2091\" data-end=\"2229\">\n<li data-start=\"2091\" data-end=\"2130\">\n<p data-start=\"2093\" data-end=\"2130\"><strong data-start=\"2093\" data-end=\"2100\">GM:<\/strong> 85 % algod\u00f3n \/ 15 % viscosa<\/p>\n<\/li>\n<li data-start=\"2131\" data-end=\"2169\">\n<p data-start=\"2133\" data-end=\"2169\"><strong data-start=\"2133\" data-end=\"2140\">AS:<\/strong> 98 % algod\u00f3n \/ 2 % viscosa<\/p>\n<\/li>\n<li data-start=\"2170\" data-end=\"2229\">\n<p data-start=\"2172\" data-end=\"2229\"><strong data-start=\"2172\" data-end=\"2193\">Resto de colores:<\/strong> 100 % algod\u00f3n peinado preencogido<\/p>\n<\/li>\n<\/ul>\n<p>&nbsp;<\/p>\n<hr data-start=\"2231\" data-end=\"2234\" \/>\n<h3 data-start=\"2236\" data-end=\"2261\"><strong data-start=\"2240\" data-end=\"2261\">Colores y tallaje<\/strong><\/h3>\n<ul data-start=\"2262\" data-end=\"2380\">\n<li data-start=\"2262\" data-end=\"2293\">\n<p data-start=\"2264\" data-end=\"2293\"><strong data-start=\"2264\" data-end=\"2288\">Colores disponibles:<\/strong> 56<\/p>\n<\/li>\n<li data-start=\"2294\" data-end=\"2318\">\n<p data-start=\"2296\" data-end=\"2318\"><strong data-start=\"2296\" data-end=\"2307\">Tallas:<\/strong> XS a 5XL<\/p>\n<\/li>\n<li data-start=\"2319\" data-end=\"2380\">\n<p data-start=\"2321\" data-end=\"2380\"><strong data-start=\"2321\" data-end=\"2355\">Colores disponibles hasta 3XL:<\/strong> WH, GM, BK, RB, RD, NY<\/p>\n<\/li>\n<\/ul>\n","protected":false},"excerpt":{"rendered":"<p>Polo piqu\u00e9 de hombre en algod\u00f3n peinado preencogido, ideal para bordado y personalizaci\u00f3n textil. Disponible en 56 colores y tallas XS a 5XL.<\/p>\n","protected":false},"featured_media":518,"comment_status":"closed","ping_status":"closed","template":"","meta":{"_et_pb_use_builder":"","_et_pb_old_content":"","_et_gb_content_width":"","_joinchat":[]},"product_brand":[],"product_cat":[103,173],"product_tag":[106,176,134,105,138,174,153,175],"class_list":{"0":"post-517","1":"product","2":"type-product","3":"status-publish","4":"has-post-thumbnail","6":"product_cat-hombre","7":"product_cat-polo","8":"product_tag-algodon","9":"product_tag-cuello","10":"product_tag-impresion-textil","11":"product_tag-manga-corta","12":"product_tag-personalizar","13":"product_tag-polo","14":"product_tag-sudadera-personalizable","15":"product_tag-viscosa","17":"first","18":"instock","19":"taxable","20":"shipping-taxable","21":"purchasable","22":"product-type-variable"},"yoast_head":"<!-- This site is optimized with the Yoast SEO plugin v27.4 - https:\/\/yoast.com\/product\/yoast-seo-wordpress\/ -->\n<title>REGULAR POLO MAN - Imprenta Digital Guzm\u00e1n<\/title>\n<meta name=\"description\" content=\"Polo piqu\u00e9 de hombre en algod\u00f3n peinado preencogido, ideal para bordado y personalizaci\u00f3n textil. 56 colores y tallas XS a 5XL.\" \/>\n<meta name=\"robots\" content=\"index, follow, max-snippet:-1, max-image-preview:large, max-video-preview:-1\" \/>\n<link rel=\"canonical\" href=\"https:\/\/www.imprentadigitalguzman.com\/inicio\/producto\/regular-polo-man-personalizado\/\" \/>\n<meta property=\"og:locale\" content=\"es_ES\" \/>\n<meta property=\"og:type\" content=\"article\" \/>\n<meta property=\"og:title\" content=\"REGULAR POLO MAN - Imprenta Digital Guzm\u00e1n\" \/>\n<meta property=\"og:description\" content=\"Polo piqu\u00e9 de hombre en algod\u00f3n peinado preencogido, ideal para bordado y personalizaci\u00f3n textil. 56 colores y tallas XS a 5XL.\" \/>\n<meta property=\"og:url\" content=\"https:\/\/www.imprentadigitalguzman.com\/inicio\/producto\/regular-polo-man-personalizado\/\" \/>\n<meta property=\"og:site_name\" content=\"Imprenta Digital Guzm\u00e1n\" \/>\n<meta property=\"article:modified_time\" content=\"2026-03-11T12:32:01+00:00\" \/>\n<meta property=\"og:image\" content=\"https:\/\/www.imprentadigitalguzman.com\/wp-content\/uploads\/2026\/02\/ChatGPT-Image-2-feb-2026-15_57_13.jpg\" \/>\n\t<meta property=\"og:image:width\" content=\"800\" \/>\n\t<meta property=\"og:image:height\" content=\"1200\" \/>\n\t<meta property=\"og:image:type\" content=\"image\/jpeg\" \/>\n<meta name=\"twitter:card\" content=\"summary_large_image\" \/>\n<meta name=\"twitter:label1\" content=\"Tiempo de lectura\" \/>\n\t<meta name=\"twitter:data1\" content=\"2 minutos\" \/>\n<script type=\"application\/ld+json\" class=\"yoast-schema-graph\">{\"@context\":\"https:\\\/\\\/schema.org\",\"@graph\":[{\"@type\":\"WebPage\",\"@id\":\"https:\\\/\\\/www.imprentadigitalguzman.com\\\/inicio\\\/producto\\\/regular-polo-man-personalizado\\\/\",\"url\":\"https:\\\/\\\/www.imprentadigitalguzman.com\\\/inicio\\\/producto\\\/regular-polo-man-personalizado\\\/\",\"name\":\"REGULAR POLO MAN - Imprenta Digital Guzm\u00e1n\",\"isPartOf\":{\"@id\":\"https:\\\/\\\/www.imprentadigitalguzman.com\\\/inicio\\\/#website\"},\"primaryImageOfPage\":{\"@id\":\"https:\\\/\\\/www.imprentadigitalguzman.com\\\/inicio\\\/producto\\\/regular-polo-man-personalizado\\\/#primaryimage\"},\"image\":{\"@id\":\"https:\\\/\\\/www.imprentadigitalguzman.com\\\/inicio\\\/producto\\\/regular-polo-man-personalizado\\\/#primaryimage\"},\"thumbnailUrl\":\"https:\\\/\\\/www.imprentadigitalguzman.com\\\/wp-content\\\/uploads\\\/2026\\\/02\\\/ChatGPT-Image-2-feb-2026-15_57_13.jpg\",\"datePublished\":\"2026-02-02T16:44:40+00:00\",\"dateModified\":\"2026-03-11T12:32:01+00:00\",\"description\":\"Polo piqu\u00e9 de hombre en algod\u00f3n peinado preencogido, ideal para bordado y personalizaci\u00f3n textil. 56 colores y tallas XS a 5XL.\",\"breadcrumb\":{\"@id\":\"https:\\\/\\\/www.imprentadigitalguzman.com\\\/inicio\\\/producto\\\/regular-polo-man-personalizado\\\/#breadcrumb\"},\"inLanguage\":\"es\",\"potentialAction\":[{\"@type\":\"ReadAction\",\"target\":[\"https:\\\/\\\/www.imprentadigitalguzman.com\\\/inicio\\\/producto\\\/regular-polo-man-personalizado\\\/\"]}]},{\"@type\":\"ImageObject\",\"inLanguage\":\"es\",\"@id\":\"https:\\\/\\\/www.imprentadigitalguzman.com\\\/inicio\\\/producto\\\/regular-polo-man-personalizado\\\/#primaryimage\",\"url\":\"https:\\\/\\\/www.imprentadigitalguzman.com\\\/wp-content\\\/uploads\\\/2026\\\/02\\\/ChatGPT-Image-2-feb-2026-15_57_13.jpg\",\"contentUrl\":\"https:\\\/\\\/www.imprentadigitalguzman.com\\\/wp-content\\\/uploads\\\/2026\\\/02\\\/ChatGPT-Image-2-feb-2026-15_57_13.jpg\",\"width\":800,\"height\":1200,\"caption\":\"polos-personalizables-merchandising-espa\u00f1a-mejor-precio\"},{\"@type\":\"BreadcrumbList\",\"@id\":\"https:\\\/\\\/www.imprentadigitalguzman.com\\\/inicio\\\/producto\\\/regular-polo-man-personalizado\\\/#breadcrumb\",\"itemListElement\":[{\"@type\":\"ListItem\",\"position\":1,\"name\":\"Portada\",\"item\":\"https:\\\/\\\/www.imprentadigitalguzman.com\\\/inicio\\\/\"},{\"@type\":\"ListItem\",\"position\":2,\"name\":\"Shop\",\"item\":\"https:\\\/\\\/www.imprentadigitalguzman.com\\\/inicio\\\/shop\\\/\"},{\"@type\":\"ListItem\",\"position\":3,\"name\":\"REGULAR POLO MAN\"}]},{\"@type\":\"WebSite\",\"@id\":\"https:\\\/\\\/www.imprentadigitalguzman.com\\\/inicio\\\/#website\",\"url\":\"https:\\\/\\\/www.imprentadigitalguzman.com\\\/inicio\\\/\",\"name\":\"Imprenta Digital Guzm\u00e1n\",\"description\":\"\",\"potentialAction\":[{\"@type\":\"SearchAction\",\"target\":{\"@type\":\"EntryPoint\",\"urlTemplate\":\"https:\\\/\\\/www.imprentadigitalguzman.com\\\/inicio\\\/?s={search_term_string}\"},\"query-input\":{\"@type\":\"PropertyValueSpecification\",\"valueRequired\":true,\"valueName\":\"search_term_string\"}}],\"inLanguage\":\"es\"}]}<\/script>\n<!-- \/ Yoast SEO plugin. -->","yoast_head_json":{"title":"REGULAR POLO MAN - Imprenta Digital Guzm\u00e1n","description":"Polo piqu\u00e9 de hombre en algod\u00f3n peinado preencogido, ideal para bordado y personalizaci\u00f3n textil. 56 colores y tallas XS a 5XL.","robots":{"index":"index","follow":"follow","max-snippet":"max-snippet:-1","max-image-preview":"max-image-preview:large","max-video-preview":"max-video-preview:-1"},"canonical":"https:\/\/www.imprentadigitalguzman.com\/inicio\/producto\/regular-polo-man-personalizado\/","og_locale":"es_ES","og_type":"article","og_title":"REGULAR POLO MAN - Imprenta Digital Guzm\u00e1n","og_description":"Polo piqu\u00e9 de hombre en algod\u00f3n peinado preencogido, ideal para bordado y personalizaci\u00f3n textil. 56 colores y tallas XS a 5XL.","og_url":"https:\/\/www.imprentadigitalguzman.com\/inicio\/producto\/regular-polo-man-personalizado\/","og_site_name":"Imprenta Digital Guzm\u00e1n","article_modified_time":"2026-03-11T12:32:01+00:00","og_image":[{"width":800,"height":1200,"url":"https:\/\/www.imprentadigitalguzman.com\/wp-content\/uploads\/2026\/02\/ChatGPT-Image-2-feb-2026-15_57_13.jpg","type":"image\/jpeg"}],"twitter_card":"summary_large_image","twitter_misc":{"Tiempo de lectura":"2 minutos"},"schema":{"@context":"https:\/\/schema.org","@graph":[{"@type":"WebPage","@id":"https:\/\/www.imprentadigitalguzman.com\/inicio\/producto\/regular-polo-man-personalizado\/","url":"https:\/\/www.imprentadigitalguzman.com\/inicio\/producto\/regular-polo-man-personalizado\/","name":"REGULAR POLO MAN - Imprenta Digital Guzm\u00e1n","isPartOf":{"@id":"https:\/\/www.imprentadigitalguzman.com\/inicio\/#website"},"primaryImageOfPage":{"@id":"https:\/\/www.imprentadigitalguzman.com\/inicio\/producto\/regular-polo-man-personalizado\/#primaryimage"},"image":{"@id":"https:\/\/www.imprentadigitalguzman.com\/inicio\/producto\/regular-polo-man-personalizado\/#primaryimage"},"thumbnailUrl":"https:\/\/www.imprentadigitalguzman.com\/wp-content\/uploads\/2026\/02\/ChatGPT-Image-2-feb-2026-15_57_13.jpg","datePublished":"2026-02-02T16:44:40+00:00","dateModified":"2026-03-11T12:32:01+00:00","description":"Polo piqu\u00e9 de hombre en algod\u00f3n peinado preencogido, ideal para bordado y personalizaci\u00f3n textil. 56 colores y tallas XS a 5XL.","breadcrumb":{"@id":"https:\/\/www.imprentadigitalguzman.com\/inicio\/producto\/regular-polo-man-personalizado\/#breadcrumb"},"inLanguage":"es","potentialAction":[{"@type":"ReadAction","target":["https:\/\/www.imprentadigitalguzman.com\/inicio\/producto\/regular-polo-man-personalizado\/"]}]},{"@type":"ImageObject","inLanguage":"es","@id":"https:\/\/www.imprentadigitalguzman.com\/inicio\/producto\/regular-polo-man-personalizado\/#primaryimage","url":"https:\/\/www.imprentadigitalguzman.com\/wp-content\/uploads\/2026\/02\/ChatGPT-Image-2-feb-2026-15_57_13.jpg","contentUrl":"https:\/\/www.imprentadigitalguzman.com\/wp-content\/uploads\/2026\/02\/ChatGPT-Image-2-feb-2026-15_57_13.jpg","width":800,"height":1200,"caption":"polos-personalizables-merchandising-espa\u00f1a-mejor-precio"},{"@type":"BreadcrumbList","@id":"https:\/\/www.imprentadigitalguzman.com\/inicio\/producto\/regular-polo-man-personalizado\/#breadcrumb","itemListElement":[{"@type":"ListItem","position":1,"name":"Portada","item":"https:\/\/www.imprentadigitalguzman.com\/inicio\/"},{"@type":"ListItem","position":2,"name":"Shop","item":"https:\/\/www.imprentadigitalguzman.com\/inicio\/shop\/"},{"@type":"ListItem","position":3,"name":"REGULAR POLO MAN"}]},{"@type":"WebSite","@id":"https:\/\/www.imprentadigitalguzman.com\/inicio\/#website","url":"https:\/\/www.imprentadigitalguzman.com\/inicio\/","name":"Imprenta Digital Guzm\u00e1n","description":"","potentialAction":[{"@type":"SearchAction","target":{"@type":"EntryPoint","urlTemplate":"https:\/\/www.imprentadigitalguzman.com\/inicio\/?s={search_term_string}"},"query-input":{"@type":"PropertyValueSpecification","valueRequired":true,"valueName":"search_term_string"}}],"inLanguage":"es"}]}},"_links":{"self":[{"href":"https:\/\/www.imprentadigitalguzman.com\/inicio\/wp-json\/wp\/v2\/product\/517","targetHints":{"allow":["GET"]}}],"collection":[{"href":"https:\/\/www.imprentadigitalguzman.com\/inicio\/wp-json\/wp\/v2\/product"}],"about":[{"href":"https:\/\/www.imprentadigitalguzman.com\/inicio\/wp-json\/wp\/v2\/types\/product"}],"replies":[{"embeddable":true,"href":"https:\/\/www.imprentadigitalguzman.com\/inicio\/wp-json\/wp\/v2\/comments?post=517"}],"wp:featuredmedia":[{"embeddable":true,"href":"https:\/\/www.imprentadigitalguzman.com\/inicio\/wp-json\/wp\/v2\/media\/518"}],"wp:attachment":[{"href":"https:\/\/www.imprentadigitalguzman.com\/inicio\/wp-json\/wp\/v2\/media?parent=517"}],"wp:term":[{"taxonomy":"product_brand","embeddable":true,"href":"https:\/\/www.imprentadigitalguzman.com\/inicio\/wp-json\/wp\/v2\/product_brand?post=517"},{"taxonomy":"product_cat","embeddable":true,"href":"https:\/\/www.imprentadigitalguzman.com\/inicio\/wp-json\/wp\/v2\/product_cat?post=517"},{"taxonomy":"product_tag","embeddable":true,"href":"https:\/\/www.imprentadigitalguzman.com\/inicio\/wp-json\/wp\/v2\/product_tag?post=517"}],"curies":[{"name":"wp","href":"https:\/\/api.w.org\/{rel}","templated":true}]}}