{"id":479,"date":"2026-02-02T14:36:06","date_gmt":"2026-02-02T14:36:06","guid":{"rendered":"https:\/\/www.imprentadigitalguzman.com\/inicio\/?post_type=product&#038;p=479"},"modified":"2026-03-11T12:35:44","modified_gmt":"2026-03-11T12:35:44","slug":"ocean-kangaroo-sudadera-personalizada","status":"publish","type":"product","link":"https:\/\/www.imprentadigitalguzman.com\/inicio\/producto\/ocean-kangaroo-sudadera-personalizada\/","title":{"rendered":"OCEAN KANGAROO"},"content":{"rendered":"<p data-start=\"296\" data-end=\"597\">La <strong data-start=\"299\" data-end=\"317\">Ocean Kangaroo<\/strong> es una <strong data-start=\"325\" data-end=\"368\">sudadera con capucha y bolsillo canguro<\/strong>, dise\u00f1ada especialmente para proyectos de <strong data-start=\"411\" data-end=\"449\">personalizaci\u00f3n textil profesional<\/strong>. Gracias a su <strong data-start=\"464\" data-end=\"497\">mayor proporci\u00f3n de poli\u00e9ster<\/strong>, es una prenda muy vers\u00e1til que ofrece excelentes resultados en <strong data-start=\"562\" data-end=\"596\">serigraf\u00eda, bordado y transfer<\/strong>.<\/p>\n<p data-start=\"599\" data-end=\"782\">Adem\u00e1s, algunos de nuestros clientes utilizan la <strong data-start=\"648\" data-end=\"684\">sudadera blanca para sublimaci\u00f3n<\/strong>, convirti\u00e9ndola en una opci\u00f3n ideal para dise\u00f1os a todo color y proyectos creativos m\u00e1s t\u00e9cnicos.<\/p>\n<p data-start=\"784\" data-end=\"1069\">Incorpora <strong data-start=\"794\" data-end=\"821\">cord\u00f3n de ajuste a tono<\/strong>, <strong data-start=\"823\" data-end=\"853\">bolsillo canguro funcional<\/strong> y <strong data-start=\"856\" data-end=\"919\">pu\u00f1os y bajo confeccionados en el mismo tejido de la prenda<\/strong>, aportando un acabado limpio, moderno y uniforme. Su dise\u00f1o la hace perfecta para ropa corporativa, merchandising, eventos, equipos o marcas propias.<\/p>\n<p data-start=\"1071\" data-end=\"1227\">Disponible en <strong data-start=\"1085\" data-end=\"1098\">6 colores<\/strong> y en tallas desde la <strong data-start=\"1120\" data-end=\"1139\">XS hasta la 3XL<\/strong>, la Ocean Kangaroo es una sudadera c\u00f3moda, resistente y pensada para un uso continuado.<\/p>\n<p data-start=\"1229\" data-end=\"1348\">Con un <strong data-start=\"1236\" data-end=\"1274\">gramaje medio-alto de 260\u2013265 g\/m\u00b2<\/strong>, es ideal para climas templados o frescos y para uso durante todo el a\u00f1o.<\/p>\n<p data-start=\"1229\" data-end=\"1348\">\n<hr data-start=\"1350\" data-end=\"1353\" \/>\n<h3 data-start=\"1355\" data-end=\"1387\"><strong data-start=\"1359\" data-end=\"1387\">Caracter\u00edsticas t\u00e9cnicas<\/strong><\/h3>\n<ul data-start=\"1388\" data-end=\"1637\">\n<li data-start=\"1388\" data-end=\"1412\">\n<p data-start=\"1390\" data-end=\"1412\">Sudadera con capucha<\/p>\n<\/li>\n<li data-start=\"1413\" data-end=\"1440\">\n<p data-start=\"1415\" data-end=\"1440\">Cord\u00f3n de ajuste a tono<\/p>\n<\/li>\n<li data-start=\"1441\" data-end=\"1461\">\n<p data-start=\"1443\" data-end=\"1461\">Bolsillo canguro<\/p>\n<\/li>\n<li data-start=\"1462\" data-end=\"1510\">\n<p data-start=\"1464\" data-end=\"1510\">Pu\u00f1os y bajo en el mismo tejido de la prenda<\/p>\n<\/li>\n<li data-start=\"1511\" data-end=\"1556\">\n<p data-start=\"1513\" data-end=\"1556\">Ideal para serigraf\u00eda, bordado y transfer<\/p>\n<\/li>\n<li data-start=\"1557\" data-end=\"1602\">\n<p data-start=\"1559\" data-end=\"1602\">Apta para <strong data-start=\"1569\" data-end=\"1600\">sublimaci\u00f3n en color blanco<\/strong><\/p>\n<\/li>\n<li data-start=\"1603\" data-end=\"1637\">\n<p data-start=\"1605\" data-end=\"1637\">Gramaje: <strong data-start=\"1614\" data-end=\"1637\">260\u2013265 g\/m\u00b2 aprox.<\/strong><\/p>\n<\/li>\n<\/ul>\n<p>&nbsp;<\/p>\n<hr data-start=\"1639\" data-end=\"1642\" \/>\n<h3 data-start=\"1644\" data-end=\"1675\"><strong data-start=\"1648\" data-end=\"1675\">Composici\u00f3n seg\u00fan color<\/strong><\/h3>\n<ul data-start=\"1676\" data-end=\"1787\">\n<li data-start=\"1676\" data-end=\"1731\">\n<p data-start=\"1678\" data-end=\"1731\"><strong data-start=\"1678\" data-end=\"1685\">AY:<\/strong> 67 % algod\u00f3n \/ 31 % poli\u00e9ster \/ 2 % viscosa<\/p>\n<\/li>\n<li data-start=\"1732\" data-end=\"1787\">\n<p data-start=\"1734\" data-end=\"1787\"><strong data-start=\"1734\" data-end=\"1755\">Composici\u00f3n base:<\/strong> 65 % poli\u00e9ster \/ 35 % algod\u00f3n<\/p>\n<\/li>\n<\/ul>\n<p>&nbsp;<\/p>\n<hr data-start=\"1789\" data-end=\"1792\" \/>\n<h3 data-start=\"1794\" data-end=\"1819\"><strong data-start=\"1798\" data-end=\"1819\">Colores y tallaje<\/strong><\/h3>\n<ul data-start=\"1820\" data-end=\"1875\">\n<li data-start=\"1820\" data-end=\"1850\">\n<p data-start=\"1822\" data-end=\"1850\"><strong data-start=\"1822\" data-end=\"1846\">Colores disponibles:<\/strong> 6<\/p>\n<\/li>\n<li data-start=\"1851\" data-end=\"1875\">\n<p data-start=\"1853\" data-end=\"1875\"><strong data-start=\"1853\" data-end=\"1864\">Tallas:<\/strong> XS a 3XL<\/p>\n<\/li>\n<\/ul>\n","protected":false},"excerpt":{"rendered":"<p>Sudadera con capucha y bolsillo canguro, ideal para personalizaci\u00f3n textil y sublimaci\u00f3n en blanco. Disponible en 6 colores y tallas XS a 3XL.<\/p>\n","protected":false},"featured_media":480,"comment_status":"closed","ping_status":"closed","template":"","meta":{"_et_pb_use_builder":"","_et_pb_old_content":"","_et_gb_content_width":"","_joinchat":[]},"product_brand":[],"product_cat":[103,164],"product_tag":[106,143,134,145,138,165,149,153,142],"class_list":{"0":"post-479","1":"product","2":"type-product","3":"status-publish","4":"has-post-thumbnail","6":"product_cat-hombre","7":"product_cat-sudadera-hombre","8":"product_tag-algodon","9":"product_tag-confort","10":"product_tag-impresion-textil","11":"product_tag-manga-larga","12":"product_tag-personalizar","13":"product_tag-poliester","14":"product_tag-sudadera","15":"product_tag-sudadera-personalizable","16":"product_tag-vinilo","18":"first","19":"instock","20":"taxable","21":"shipping-taxable","22":"purchasable","23":"product-type-variable"},"yoast_head":"<!-- This site is optimized with the Yoast SEO plugin v27.4 - https:\/\/yoast.com\/product\/yoast-seo-wordpress\/ -->\n<title>OCEAN KANGAROO - Imprenta Digital Guzm\u00e1n<\/title>\n<meta name=\"description\" content=\"Sudadera con capucha ideal para serigraf\u00eda, bordado, transfer y sublimaci\u00f3n en blanco. Gramaje 260\u2013265 g\/m\u00b2 y tallas XS a 3XL.\" \/>\n<meta name=\"robots\" content=\"index, follow, max-snippet:-1, max-image-preview:large, max-video-preview:-1\" \/>\n<link rel=\"canonical\" href=\"https:\/\/www.imprentadigitalguzman.com\/inicio\/producto\/ocean-kangaroo-sudadera-personalizada\/\" \/>\n<meta property=\"og:locale\" content=\"es_ES\" \/>\n<meta property=\"og:type\" content=\"article\" \/>\n<meta property=\"og:title\" content=\"OCEAN KANGAROO - Imprenta Digital Guzm\u00e1n\" \/>\n<meta property=\"og:description\" content=\"Sudadera con capucha ideal para serigraf\u00eda, bordado, transfer y sublimaci\u00f3n en blanco. Gramaje 260\u2013265 g\/m\u00b2 y tallas XS a 3XL.\" \/>\n<meta property=\"og:url\" content=\"https:\/\/www.imprentadigitalguzman.com\/inicio\/producto\/ocean-kangaroo-sudadera-personalizada\/\" \/>\n<meta property=\"og:site_name\" content=\"Imprenta Digital Guzm\u00e1n\" \/>\n<meta property=\"article:modified_time\" content=\"2026-03-11T12:35:44+00:00\" \/>\n<meta property=\"og:image\" content=\"https:\/\/www.imprentadigitalguzman.com\/wp-content\/uploads\/2026\/02\/ChatGPT-Image-2-feb-2026-15_33_42.jpg\" \/>\n\t<meta property=\"og:image:width\" content=\"800\" \/>\n\t<meta property=\"og:image:height\" content=\"1200\" \/>\n\t<meta property=\"og:image:type\" content=\"image\/jpeg\" \/>\n<meta name=\"twitter:card\" content=\"summary_large_image\" \/>\n<meta name=\"twitter:label1\" content=\"Tiempo de lectura\" \/>\n\t<meta name=\"twitter:data1\" content=\"2 minutos\" \/>\n<script type=\"application\/ld+json\" class=\"yoast-schema-graph\">{\"@context\":\"https:\\\/\\\/schema.org\",\"@graph\":[{\"@type\":\"WebPage\",\"@id\":\"https:\\\/\\\/www.imprentadigitalguzman.com\\\/inicio\\\/producto\\\/ocean-kangaroo-sudadera-personalizada\\\/\",\"url\":\"https:\\\/\\\/www.imprentadigitalguzman.com\\\/inicio\\\/producto\\\/ocean-kangaroo-sudadera-personalizada\\\/\",\"name\":\"OCEAN KANGAROO - Imprenta Digital Guzm\u00e1n\",\"isPartOf\":{\"@id\":\"https:\\\/\\\/www.imprentadigitalguzman.com\\\/inicio\\\/#website\"},\"primaryImageOfPage\":{\"@id\":\"https:\\\/\\\/www.imprentadigitalguzman.com\\\/inicio\\\/producto\\\/ocean-kangaroo-sudadera-personalizada\\\/#primaryimage\"},\"image\":{\"@id\":\"https:\\\/\\\/www.imprentadigitalguzman.com\\\/inicio\\\/producto\\\/ocean-kangaroo-sudadera-personalizada\\\/#primaryimage\"},\"thumbnailUrl\":\"https:\\\/\\\/www.imprentadigitalguzman.com\\\/wp-content\\\/uploads\\\/2026\\\/02\\\/ChatGPT-Image-2-feb-2026-15_33_42.jpg\",\"datePublished\":\"2026-02-02T14:36:06+00:00\",\"dateModified\":\"2026-03-11T12:35:44+00:00\",\"description\":\"Sudadera con capucha ideal para serigraf\u00eda, bordado, transfer y sublimaci\u00f3n en blanco. Gramaje 260\u2013265 g\\\/m\u00b2 y tallas XS a 3XL.\",\"breadcrumb\":{\"@id\":\"https:\\\/\\\/www.imprentadigitalguzman.com\\\/inicio\\\/producto\\\/ocean-kangaroo-sudadera-personalizada\\\/#breadcrumb\"},\"inLanguage\":\"es\",\"potentialAction\":[{\"@type\":\"ReadAction\",\"target\":[\"https:\\\/\\\/www.imprentadigitalguzman.com\\\/inicio\\\/producto\\\/ocean-kangaroo-sudadera-personalizada\\\/\"]}]},{\"@type\":\"ImageObject\",\"inLanguage\":\"es\",\"@id\":\"https:\\\/\\\/www.imprentadigitalguzman.com\\\/inicio\\\/producto\\\/ocean-kangaroo-sudadera-personalizada\\\/#primaryimage\",\"url\":\"https:\\\/\\\/www.imprentadigitalguzman.com\\\/wp-content\\\/uploads\\\/2026\\\/02\\\/ChatGPT-Image-2-feb-2026-15_33_42.jpg\",\"contentUrl\":\"https:\\\/\\\/www.imprentadigitalguzman.com\\\/wp-content\\\/uploads\\\/2026\\\/02\\\/ChatGPT-Image-2-feb-2026-15_33_42.jpg\",\"width\":800,\"height\":1200,\"caption\":\"sudaderas-personalizables-merchandising-espa\u00f1a-mejor-precio\"},{\"@type\":\"BreadcrumbList\",\"@id\":\"https:\\\/\\\/www.imprentadigitalguzman.com\\\/inicio\\\/producto\\\/ocean-kangaroo-sudadera-personalizada\\\/#breadcrumb\",\"itemListElement\":[{\"@type\":\"ListItem\",\"position\":1,\"name\":\"Portada\",\"item\":\"https:\\\/\\\/www.imprentadigitalguzman.com\\\/inicio\\\/\"},{\"@type\":\"ListItem\",\"position\":2,\"name\":\"Shop\",\"item\":\"https:\\\/\\\/www.imprentadigitalguzman.com\\\/inicio\\\/shop\\\/\"},{\"@type\":\"ListItem\",\"position\":3,\"name\":\"OCEAN KANGAROO\"}]},{\"@type\":\"WebSite\",\"@id\":\"https:\\\/\\\/www.imprentadigitalguzman.com\\\/inicio\\\/#website\",\"url\":\"https:\\\/\\\/www.imprentadigitalguzman.com\\\/inicio\\\/\",\"name\":\"Imprenta Digital Guzm\u00e1n\",\"description\":\"\",\"potentialAction\":[{\"@type\":\"SearchAction\",\"target\":{\"@type\":\"EntryPoint\",\"urlTemplate\":\"https:\\\/\\\/www.imprentadigitalguzman.com\\\/inicio\\\/?s={search_term_string}\"},\"query-input\":{\"@type\":\"PropertyValueSpecification\",\"valueRequired\":true,\"valueName\":\"search_term_string\"}}],\"inLanguage\":\"es\"}]}<\/script>\n<!-- \/ Yoast SEO plugin. -->","yoast_head_json":{"title":"OCEAN KANGAROO - Imprenta Digital Guzm\u00e1n","description":"Sudadera con capucha ideal para serigraf\u00eda, bordado, transfer y sublimaci\u00f3n en blanco. Gramaje 260\u2013265 g\/m\u00b2 y tallas XS a 3XL.","robots":{"index":"index","follow":"follow","max-snippet":"max-snippet:-1","max-image-preview":"max-image-preview:large","max-video-preview":"max-video-preview:-1"},"canonical":"https:\/\/www.imprentadigitalguzman.com\/inicio\/producto\/ocean-kangaroo-sudadera-personalizada\/","og_locale":"es_ES","og_type":"article","og_title":"OCEAN KANGAROO - Imprenta Digital Guzm\u00e1n","og_description":"Sudadera con capucha ideal para serigraf\u00eda, bordado, transfer y sublimaci\u00f3n en blanco. Gramaje 260\u2013265 g\/m\u00b2 y tallas XS a 3XL.","og_url":"https:\/\/www.imprentadigitalguzman.com\/inicio\/producto\/ocean-kangaroo-sudadera-personalizada\/","og_site_name":"Imprenta Digital Guzm\u00e1n","article_modified_time":"2026-03-11T12:35:44+00:00","og_image":[{"width":800,"height":1200,"url":"https:\/\/www.imprentadigitalguzman.com\/wp-content\/uploads\/2026\/02\/ChatGPT-Image-2-feb-2026-15_33_42.jpg","type":"image\/jpeg"}],"twitter_card":"summary_large_image","twitter_misc":{"Tiempo de lectura":"2 minutos"},"schema":{"@context":"https:\/\/schema.org","@graph":[{"@type":"WebPage","@id":"https:\/\/www.imprentadigitalguzman.com\/inicio\/producto\/ocean-kangaroo-sudadera-personalizada\/","url":"https:\/\/www.imprentadigitalguzman.com\/inicio\/producto\/ocean-kangaroo-sudadera-personalizada\/","name":"OCEAN KANGAROO - Imprenta Digital Guzm\u00e1n","isPartOf":{"@id":"https:\/\/www.imprentadigitalguzman.com\/inicio\/#website"},"primaryImageOfPage":{"@id":"https:\/\/www.imprentadigitalguzman.com\/inicio\/producto\/ocean-kangaroo-sudadera-personalizada\/#primaryimage"},"image":{"@id":"https:\/\/www.imprentadigitalguzman.com\/inicio\/producto\/ocean-kangaroo-sudadera-personalizada\/#primaryimage"},"thumbnailUrl":"https:\/\/www.imprentadigitalguzman.com\/wp-content\/uploads\/2026\/02\/ChatGPT-Image-2-feb-2026-15_33_42.jpg","datePublished":"2026-02-02T14:36:06+00:00","dateModified":"2026-03-11T12:35:44+00:00","description":"Sudadera con capucha ideal para serigraf\u00eda, bordado, transfer y sublimaci\u00f3n en blanco. Gramaje 260\u2013265 g\/m\u00b2 y tallas XS a 3XL.","breadcrumb":{"@id":"https:\/\/www.imprentadigitalguzman.com\/inicio\/producto\/ocean-kangaroo-sudadera-personalizada\/#breadcrumb"},"inLanguage":"es","potentialAction":[{"@type":"ReadAction","target":["https:\/\/www.imprentadigitalguzman.com\/inicio\/producto\/ocean-kangaroo-sudadera-personalizada\/"]}]},{"@type":"ImageObject","inLanguage":"es","@id":"https:\/\/www.imprentadigitalguzman.com\/inicio\/producto\/ocean-kangaroo-sudadera-personalizada\/#primaryimage","url":"https:\/\/www.imprentadigitalguzman.com\/wp-content\/uploads\/2026\/02\/ChatGPT-Image-2-feb-2026-15_33_42.jpg","contentUrl":"https:\/\/www.imprentadigitalguzman.com\/wp-content\/uploads\/2026\/02\/ChatGPT-Image-2-feb-2026-15_33_42.jpg","width":800,"height":1200,"caption":"sudaderas-personalizables-merchandising-espa\u00f1a-mejor-precio"},{"@type":"BreadcrumbList","@id":"https:\/\/www.imprentadigitalguzman.com\/inicio\/producto\/ocean-kangaroo-sudadera-personalizada\/#breadcrumb","itemListElement":[{"@type":"ListItem","position":1,"name":"Portada","item":"https:\/\/www.imprentadigitalguzman.com\/inicio\/"},{"@type":"ListItem","position":2,"name":"Shop","item":"https:\/\/www.imprentadigitalguzman.com\/inicio\/shop\/"},{"@type":"ListItem","position":3,"name":"OCEAN KANGAROO"}]},{"@type":"WebSite","@id":"https:\/\/www.imprentadigitalguzman.com\/inicio\/#website","url":"https:\/\/www.imprentadigitalguzman.com\/inicio\/","name":"Imprenta Digital Guzm\u00e1n","description":"","potentialAction":[{"@type":"SearchAction","target":{"@type":"EntryPoint","urlTemplate":"https:\/\/www.imprentadigitalguzman.com\/inicio\/?s={search_term_string}"},"query-input":{"@type":"PropertyValueSpecification","valueRequired":true,"valueName":"search_term_string"}}],"inLanguage":"es"}]}},"_links":{"self":[{"href":"https:\/\/www.imprentadigitalguzman.com\/inicio\/wp-json\/wp\/v2\/product\/479","targetHints":{"allow":["GET"]}}],"collection":[{"href":"https:\/\/www.imprentadigitalguzman.com\/inicio\/wp-json\/wp\/v2\/product"}],"about":[{"href":"https:\/\/www.imprentadigitalguzman.com\/inicio\/wp-json\/wp\/v2\/types\/product"}],"replies":[{"embeddable":true,"href":"https:\/\/www.imprentadigitalguzman.com\/inicio\/wp-json\/wp\/v2\/comments?post=479"}],"wp:featuredmedia":[{"embeddable":true,"href":"https:\/\/www.imprentadigitalguzman.com\/inicio\/wp-json\/wp\/v2\/media\/480"}],"wp:attachment":[{"href":"https:\/\/www.imprentadigitalguzman.com\/inicio\/wp-json\/wp\/v2\/media?parent=479"}],"wp:term":[{"taxonomy":"product_brand","embeddable":true,"href":"https:\/\/www.imprentadigitalguzman.com\/inicio\/wp-json\/wp\/v2\/product_brand?post=479"},{"taxonomy":"product_cat","embeddable":true,"href":"https:\/\/www.imprentadigitalguzman.com\/inicio\/wp-json\/wp\/v2\/product_cat?post=479"},{"taxonomy":"product_tag","embeddable":true,"href":"https:\/\/www.imprentadigitalguzman.com\/inicio\/wp-json\/wp\/v2\/product_tag?post=479"}],"curies":[{"name":"wp","href":"https:\/\/api.w.org\/{rel}","templated":true}]}}