{"id":309764,"date":"2026-04-13T10:46:57","date_gmt":"2026-04-13T10:46:57","guid":{"rendered":"https:\/\/www.imprentadigitalguzman.com\/inicio\/?post_type=product&#038;p=309764"},"modified":"2026-04-14T08:36:55","modified_gmt":"2026-04-14T08:36:55","slug":"venice-apron","status":"publish","type":"product","link":"https:\/\/www.imprentadigitalguzman.com\/inicio\/producto\/venice-apron\/","title":{"rendered":"Venice (apron)"},"content":{"rendered":"<p data-start=\"332\" data-end=\"546\">El <strong data-start=\"335\" data-end=\"351\">Venice Apron<\/strong> es un <strong data-start=\"358\" data-end=\"395\">delantal corto unisex para adulto<\/strong>, dise\u00f1ado para ofrecer <strong data-start=\"419\" data-end=\"469\">m\u00e1xima funcionalidad, comodidad y organizaci\u00f3n<\/strong> en entornos de <strong data-start=\"485\" data-end=\"545\">hosteler\u00eda, comercio, est\u00e9tica y servicios profesionales<\/strong>.<\/p>\n<p data-start=\"548\" data-end=\"731\">Su formato <strong data-start=\"559\" data-end=\"573\">mini apron<\/strong> proporciona ligereza y libertad de movimiento, siendo ideal para camareros, dependientes o profesionales que necesitan tener sus herramientas siempre a mano.<\/p>\n<p data-start=\"733\" data-end=\"785\">Destaca por su sistema de <strong data-start=\"759\" data-end=\"784\">5 bolsillos frontales<\/strong>:<\/p>\n<ul data-start=\"786\" data-end=\"944\">\n<li data-section-id=\"qr5936\" data-start=\"786\" data-end=\"854\"><strong data-start=\"788\" data-end=\"811\">3 bolsillos amplios<\/strong> para libretas, utensilios o herramientas<\/li>\n<li data-section-id=\"1o70dce\" data-start=\"855\" data-end=\"944\"><strong data-start=\"857\" data-end=\"882\">2 bolsillos estrechos<\/strong>, perfectos para bol\u00edgrafos, abridores o peque\u00f1os accesorios<\/li>\n<\/ul>\n<p data-start=\"946\" data-end=\"1074\">Cuenta con <strong data-start=\"957\" data-end=\"1006\">dos cintas traseras para ajuste en la cintura<\/strong>, permitiendo una sujeci\u00f3n c\u00f3moda y adaptable a diferentes usuarios.<\/p>\n<p data-start=\"1076\" data-end=\"1278\">Gracias a su tejido, es perfecto para <strong data-start=\"1114\" data-end=\"1172\">personalizaci\u00f3n mediante serigraf\u00eda, vinilo o transfer<\/strong>, siendo muy utilizado en <strong data-start=\"1198\" data-end=\"1277\">bares, restaurantes, cafeter\u00edas, barber\u00edas, tiendas y eventos promocionales<\/strong>.<\/p>\n<p data-start=\"1280\" data-end=\"1404\">Disponible en diferentes composiciones seg\u00fan color, permite elegir entre mayor naturalidad o mayor resistencia seg\u00fan el uso.<\/p>\n<hr data-start=\"1406\" data-end=\"1409\" \/>\n<h3 data-section-id=\"19cjjbh\" data-start=\"1411\" data-end=\"1443\"><span role=\"text\"><strong data-start=\"1415\" data-end=\"1443\">Caracter\u00edsticas t\u00e9cnicas<\/strong><\/span><\/h3>\n<ul data-start=\"1444\" data-end=\"1645\">\n<li data-section-id=\"2nhwlm\" data-start=\"1444\" data-end=\"1482\">Delantal corto unisex (mini apron)<\/li>\n<li data-section-id=\"1o7h42t\" data-start=\"1483\" data-end=\"1530\">3 bolsillos amplios + 2 bolsillos estrechos<\/li>\n<li data-section-id=\"ypocpk\" data-start=\"1531\" data-end=\"1573\">Cintas traseras para ajuste en cintura<\/li>\n<li data-section-id=\"y7tyk0\" data-start=\"1574\" data-end=\"1596\">Ligero y funcional<\/li>\n<li data-section-id=\"1jlhuai\" data-start=\"1597\" data-end=\"1645\">Ideal para uso profesional y personalizaci\u00f3n<\/li>\n<\/ul>\n<hr data-start=\"1647\" data-end=\"1650\" \/>\n<h3 data-section-id=\"h6ukut\" data-start=\"1652\" data-end=\"1671\"><span role=\"text\"><strong data-start=\"1656\" data-end=\"1671\">Composici\u00f3n<\/strong><\/span><\/h3>\n<ul data-start=\"1672\" data-end=\"1796\">\n<li data-section-id=\"o8alwo\" data-start=\"1672\" data-end=\"1720\"><strong data-start=\"1674\" data-end=\"1682\">DNV:<\/strong> 100 % algod\u00f3n \u2013 <strong data-start=\"1699\" data-end=\"1718\">220 g\/m\u00b2 aprox.<\/strong><\/li>\n<li data-section-id=\"iqe8vp\" data-start=\"1721\" data-end=\"1796\"><strong data-start=\"1723\" data-end=\"1744\">Resto de colores:<\/strong> 65 % poli\u00e9ster \/ 35 % algod\u00f3n \u2013 <strong data-start=\"1777\" data-end=\"1796\">180 g\/m\u00b2 aprox.<\/strong><\/li>\n<\/ul>\n","protected":false},"excerpt":{"rendered":"<p>Delantal corto unisex con m\u00faltiples bolsillos, pr\u00e1ctico y funcional. Ideal para hosteler\u00eda y personalizaci\u00f3n.<\/p>\n","protected":false},"featured_media":309766,"comment_status":"closed","ping_status":"closed","template":"","meta":{"_et_pb_use_builder":"","_et_pb_old_content":"","_et_gb_content_width":"","_joinchat":[]},"product_brand":[],"product_cat":[300],"product_tag":[106,165,133],"class_list":{"0":"post-309764","1":"product","2":"type-product","3":"status-publish","4":"has-post-thumbnail","6":"product_cat-ropa-laboral","7":"product_tag-algodon","8":"product_tag-poliester","9":"product_tag-unisex","11":"first","12":"instock","13":"taxable","14":"shipping-taxable","15":"product-type-simple"},"yoast_head":"<!-- This site is optimized with the Yoast SEO plugin v27.4 - https:\/\/yoast.com\/product\/yoast-seo-wordpress\/ -->\n<title>Venice (apron) - Imprenta Digital Guzm\u00e1n<\/title>\n<meta name=\"description\" content=\"Venice (apron). Delantal corto unisex con 5 bolsillos funcionales. Ideal para hosteler\u00eda, comercio y personalizaci\u00f3n textil.\" \/>\n<meta name=\"robots\" content=\"index, follow, max-snippet:-1, max-image-preview:large, max-video-preview:-1\" \/>\n<link rel=\"canonical\" href=\"https:\/\/www.imprentadigitalguzman.com\/inicio\/producto\/venice-apron\/\" \/>\n<meta property=\"og:locale\" content=\"es_ES\" \/>\n<meta property=\"og:type\" content=\"article\" \/>\n<meta property=\"og:title\" content=\"Venice (apron) - Imprenta Digital Guzm\u00e1n\" \/>\n<meta property=\"og:description\" content=\"Venice (apron). Delantal corto unisex con 5 bolsillos funcionales. Ideal para hosteler\u00eda, comercio y personalizaci\u00f3n textil.\" \/>\n<meta property=\"og:url\" content=\"https:\/\/www.imprentadigitalguzman.com\/inicio\/producto\/venice-apron\/\" \/>\n<meta property=\"og:site_name\" content=\"Imprenta Digital Guzm\u00e1n\" \/>\n<meta property=\"article:modified_time\" content=\"2026-04-14T08:36:55+00:00\" \/>\n<meta property=\"og:image\" content=\"https:\/\/www.imprentadigitalguzman.com\/wp-content\/uploads\/2026\/04\/venice-apron-.png\" \/>\n\t<meta property=\"og:image:width\" content=\"600\" \/>\n\t<meta property=\"og:image:height\" content=\"600\" \/>\n\t<meta property=\"og:image:type\" content=\"image\/png\" \/>\n<meta name=\"twitter:card\" content=\"summary_large_image\" \/>\n<meta name=\"twitter:label1\" content=\"Tiempo de lectura\" \/>\n\t<meta name=\"twitter:data1\" content=\"2 minutos\" \/>\n<script type=\"application\/ld+json\" class=\"yoast-schema-graph\">{\"@context\":\"https:\\\/\\\/schema.org\",\"@graph\":[{\"@type\":\"WebPage\",\"@id\":\"https:\\\/\\\/www.imprentadigitalguzman.com\\\/inicio\\\/producto\\\/venice-apron\\\/\",\"url\":\"https:\\\/\\\/www.imprentadigitalguzman.com\\\/inicio\\\/producto\\\/venice-apron\\\/\",\"name\":\"Venice (apron) - Imprenta Digital Guzm\u00e1n\",\"isPartOf\":{\"@id\":\"https:\\\/\\\/www.imprentadigitalguzman.com\\\/inicio\\\/#website\"},\"primaryImageOfPage\":{\"@id\":\"https:\\\/\\\/www.imprentadigitalguzman.com\\\/inicio\\\/producto\\\/venice-apron\\\/#primaryimage\"},\"image\":{\"@id\":\"https:\\\/\\\/www.imprentadigitalguzman.com\\\/inicio\\\/producto\\\/venice-apron\\\/#primaryimage\"},\"thumbnailUrl\":\"https:\\\/\\\/www.imprentadigitalguzman.com\\\/wp-content\\\/uploads\\\/2026\\\/04\\\/venice-apron-.png\",\"datePublished\":\"2026-04-13T10:46:57+00:00\",\"dateModified\":\"2026-04-14T08:36:55+00:00\",\"description\":\"Venice (apron). Delantal corto unisex con 5 bolsillos funcionales. Ideal para hosteler\u00eda, comercio y personalizaci\u00f3n textil.\",\"breadcrumb\":{\"@id\":\"https:\\\/\\\/www.imprentadigitalguzman.com\\\/inicio\\\/producto\\\/venice-apron\\\/#breadcrumb\"},\"inLanguage\":\"es\",\"potentialAction\":[{\"@type\":\"ReadAction\",\"target\":[\"https:\\\/\\\/www.imprentadigitalguzman.com\\\/inicio\\\/producto\\\/venice-apron\\\/\"]}]},{\"@type\":\"ImageObject\",\"inLanguage\":\"es\",\"@id\":\"https:\\\/\\\/www.imprentadigitalguzman.com\\\/inicio\\\/producto\\\/venice-apron\\\/#primaryimage\",\"url\":\"https:\\\/\\\/www.imprentadigitalguzman.com\\\/wp-content\\\/uploads\\\/2026\\\/04\\\/venice-apron-.png\",\"contentUrl\":\"https:\\\/\\\/www.imprentadigitalguzman.com\\\/wp-content\\\/uploads\\\/2026\\\/04\\\/venice-apron-.png\",\"width\":600,\"height\":600,\"caption\":\"delantal-mini-ropa-laboral-en-imprenta-digital-guzman-siempre-a-el-mejor-precio-con-envios-por-toda-espa\u00f1a\"},{\"@type\":\"BreadcrumbList\",\"@id\":\"https:\\\/\\\/www.imprentadigitalguzman.com\\\/inicio\\\/producto\\\/venice-apron\\\/#breadcrumb\",\"itemListElement\":[{\"@type\":\"ListItem\",\"position\":1,\"name\":\"Portada\",\"item\":\"https:\\\/\\\/www.imprentadigitalguzman.com\\\/inicio\\\/\"},{\"@type\":\"ListItem\",\"position\":2,\"name\":\"Shop\",\"item\":\"https:\\\/\\\/www.imprentadigitalguzman.com\\\/inicio\\\/shop\\\/\"},{\"@type\":\"ListItem\",\"position\":3,\"name\":\"Venice (apron)\"}]},{\"@type\":\"WebSite\",\"@id\":\"https:\\\/\\\/www.imprentadigitalguzman.com\\\/inicio\\\/#website\",\"url\":\"https:\\\/\\\/www.imprentadigitalguzman.com\\\/inicio\\\/\",\"name\":\"Imprenta Digital Guzm\u00e1n\",\"description\":\"\",\"potentialAction\":[{\"@type\":\"SearchAction\",\"target\":{\"@type\":\"EntryPoint\",\"urlTemplate\":\"https:\\\/\\\/www.imprentadigitalguzman.com\\\/inicio\\\/?s={search_term_string}\"},\"query-input\":{\"@type\":\"PropertyValueSpecification\",\"valueRequired\":true,\"valueName\":\"search_term_string\"}}],\"inLanguage\":\"es\"}]}<\/script>\n<!-- \/ Yoast SEO plugin. -->","yoast_head_json":{"title":"Venice (apron) - Imprenta Digital Guzm\u00e1n","description":"Venice (apron). Delantal corto unisex con 5 bolsillos funcionales. Ideal para hosteler\u00eda, comercio y personalizaci\u00f3n textil.","robots":{"index":"index","follow":"follow","max-snippet":"max-snippet:-1","max-image-preview":"max-image-preview:large","max-video-preview":"max-video-preview:-1"},"canonical":"https:\/\/www.imprentadigitalguzman.com\/inicio\/producto\/venice-apron\/","og_locale":"es_ES","og_type":"article","og_title":"Venice (apron) - Imprenta Digital Guzm\u00e1n","og_description":"Venice (apron). Delantal corto unisex con 5 bolsillos funcionales. Ideal para hosteler\u00eda, comercio y personalizaci\u00f3n textil.","og_url":"https:\/\/www.imprentadigitalguzman.com\/inicio\/producto\/venice-apron\/","og_site_name":"Imprenta Digital Guzm\u00e1n","article_modified_time":"2026-04-14T08:36:55+00:00","og_image":[{"width":600,"height":600,"url":"https:\/\/www.imprentadigitalguzman.com\/wp-content\/uploads\/2026\/04\/venice-apron-.png","type":"image\/png"}],"twitter_card":"summary_large_image","twitter_misc":{"Tiempo de lectura":"2 minutos"},"schema":{"@context":"https:\/\/schema.org","@graph":[{"@type":"WebPage","@id":"https:\/\/www.imprentadigitalguzman.com\/inicio\/producto\/venice-apron\/","url":"https:\/\/www.imprentadigitalguzman.com\/inicio\/producto\/venice-apron\/","name":"Venice (apron) - Imprenta Digital Guzm\u00e1n","isPartOf":{"@id":"https:\/\/www.imprentadigitalguzman.com\/inicio\/#website"},"primaryImageOfPage":{"@id":"https:\/\/www.imprentadigitalguzman.com\/inicio\/producto\/venice-apron\/#primaryimage"},"image":{"@id":"https:\/\/www.imprentadigitalguzman.com\/inicio\/producto\/venice-apron\/#primaryimage"},"thumbnailUrl":"https:\/\/www.imprentadigitalguzman.com\/wp-content\/uploads\/2026\/04\/venice-apron-.png","datePublished":"2026-04-13T10:46:57+00:00","dateModified":"2026-04-14T08:36:55+00:00","description":"Venice (apron). Delantal corto unisex con 5 bolsillos funcionales. Ideal para hosteler\u00eda, comercio y personalizaci\u00f3n textil.","breadcrumb":{"@id":"https:\/\/www.imprentadigitalguzman.com\/inicio\/producto\/venice-apron\/#breadcrumb"},"inLanguage":"es","potentialAction":[{"@type":"ReadAction","target":["https:\/\/www.imprentadigitalguzman.com\/inicio\/producto\/venice-apron\/"]}]},{"@type":"ImageObject","inLanguage":"es","@id":"https:\/\/www.imprentadigitalguzman.com\/inicio\/producto\/venice-apron\/#primaryimage","url":"https:\/\/www.imprentadigitalguzman.com\/wp-content\/uploads\/2026\/04\/venice-apron-.png","contentUrl":"https:\/\/www.imprentadigitalguzman.com\/wp-content\/uploads\/2026\/04\/venice-apron-.png","width":600,"height":600,"caption":"delantal-mini-ropa-laboral-en-imprenta-digital-guzman-siempre-a-el-mejor-precio-con-envios-por-toda-espa\u00f1a"},{"@type":"BreadcrumbList","@id":"https:\/\/www.imprentadigitalguzman.com\/inicio\/producto\/venice-apron\/#breadcrumb","itemListElement":[{"@type":"ListItem","position":1,"name":"Portada","item":"https:\/\/www.imprentadigitalguzman.com\/inicio\/"},{"@type":"ListItem","position":2,"name":"Shop","item":"https:\/\/www.imprentadigitalguzman.com\/inicio\/shop\/"},{"@type":"ListItem","position":3,"name":"Venice (apron)"}]},{"@type":"WebSite","@id":"https:\/\/www.imprentadigitalguzman.com\/inicio\/#website","url":"https:\/\/www.imprentadigitalguzman.com\/inicio\/","name":"Imprenta Digital Guzm\u00e1n","description":"","potentialAction":[{"@type":"SearchAction","target":{"@type":"EntryPoint","urlTemplate":"https:\/\/www.imprentadigitalguzman.com\/inicio\/?s={search_term_string}"},"query-input":{"@type":"PropertyValueSpecification","valueRequired":true,"valueName":"search_term_string"}}],"inLanguage":"es"}]}},"_links":{"self":[{"href":"https:\/\/www.imprentadigitalguzman.com\/inicio\/wp-json\/wp\/v2\/product\/309764","targetHints":{"allow":["GET"]}}],"collection":[{"href":"https:\/\/www.imprentadigitalguzman.com\/inicio\/wp-json\/wp\/v2\/product"}],"about":[{"href":"https:\/\/www.imprentadigitalguzman.com\/inicio\/wp-json\/wp\/v2\/types\/product"}],"replies":[{"embeddable":true,"href":"https:\/\/www.imprentadigitalguzman.com\/inicio\/wp-json\/wp\/v2\/comments?post=309764"}],"wp:featuredmedia":[{"embeddable":true,"href":"https:\/\/www.imprentadigitalguzman.com\/inicio\/wp-json\/wp\/v2\/media\/309766"}],"wp:attachment":[{"href":"https:\/\/www.imprentadigitalguzman.com\/inicio\/wp-json\/wp\/v2\/media?parent=309764"}],"wp:term":[{"taxonomy":"product_brand","embeddable":true,"href":"https:\/\/www.imprentadigitalguzman.com\/inicio\/wp-json\/wp\/v2\/product_brand?post=309764"},{"taxonomy":"product_cat","embeddable":true,"href":"https:\/\/www.imprentadigitalguzman.com\/inicio\/wp-json\/wp\/v2\/product_cat?post=309764"},{"taxonomy":"product_tag","embeddable":true,"href":"https:\/\/www.imprentadigitalguzman.com\/inicio\/wp-json\/wp\/v2\/product_tag?post=309764"}],"curies":[{"name":"wp","href":"https:\/\/api.w.org\/{rel}","templated":true}]}}