{"id":309738,"date":"2026-04-13T10:05:30","date_gmt":"2026-04-13T10:05:30","guid":{"rendered":"https:\/\/www.imprentadigitalguzman.com\/inicio\/?post_type=product&#038;p=309738"},"modified":"2026-04-14T08:37:03","modified_gmt":"2026-04-14T08:37:03","slug":"vienna-apron","status":"publish","type":"product","link":"https:\/\/www.imprentadigitalguzman.com\/inicio\/producto\/vienna-apron\/","title":{"rendered":"Vienna (apron)"},"content":{"rendered":"<p data-start=\"316\" data-end=\"536\">El <strong data-start=\"319\" data-end=\"335\">Vienna Apron<\/strong> es un <strong data-start=\"342\" data-end=\"379\">delantal corto unisex para adulto<\/strong>, dise\u00f1ado para ofrecer <strong data-start=\"403\" data-end=\"456\">comodidad, funcionalidad y libertad de movimiento<\/strong>, especialmente en entornos de <strong data-start=\"487\" data-end=\"535\">hosteler\u00eda, restauraci\u00f3n, comercio y eventos<\/strong>.<\/p>\n<p data-start=\"538\" data-end=\"720\">Su formato de <strong data-start=\"552\" data-end=\"583\">medio delantal (half apron)<\/strong> lo convierte en una opci\u00f3n pr\u00e1ctica y ligera, ideal para camareros, dependientes o profesionales que necesitan agilidad en su d\u00eda a d\u00eda.<\/p>\n<p data-start=\"722\" data-end=\"920\">Incorpora un <strong data-start=\"735\" data-end=\"760\">bolsillo tipo canguro<\/strong> junto con <strong data-start=\"771\" data-end=\"815\">un bolsillo adicional con doble apertura<\/strong>, proporcionando espacio suficiente para llevar libretas, comandas, utensilios o herramientas de trabajo.<\/p>\n<p data-start=\"922\" data-end=\"1051\">Cuenta con <strong data-start=\"933\" data-end=\"983\">dos cintas traseras para ajustar en la cintura<\/strong>, permitiendo una sujeci\u00f3n c\u00f3moda y adaptable a diferentes usuarios.<\/p>\n<p data-start=\"1053\" data-end=\"1273\">Gracias a su tejido, es perfecto para <strong data-start=\"1091\" data-end=\"1149\">personalizaci\u00f3n mediante serigraf\u00eda, vinilo o transfer<\/strong>, siendo una excelente opci\u00f3n para <strong data-start=\"1184\" data-end=\"1272\">bares, restaurantes, cafeter\u00edas, eventos gastron\u00f3micos y merchandising personalizado<\/strong>.<\/p>\n<p data-start=\"1275\" data-end=\"1419\">Disponible en diferentes composiciones seg\u00fan color, ofrece opciones tanto en algod\u00f3n como en mezcla, adapt\u00e1ndose a distintas necesidades de uso.<\/p>\n<hr data-start=\"1421\" data-end=\"1424\" \/>\n<h3 data-section-id=\"19cjjbh\" data-start=\"1426\" data-end=\"1458\"><span role=\"text\"><strong data-start=\"1430\" data-end=\"1458\">Caracter\u00edsticas t\u00e9cnicas<\/strong><\/span><\/h3>\n<ul data-start=\"1459\" data-end=\"1659\">\n<li data-section-id=\"qywpyi\" data-start=\"1459\" data-end=\"1497\">Delantal corto unisex (half apron)<\/li>\n<li data-section-id=\"dmy1jx\" data-start=\"1498\" data-end=\"1523\">Bolsillo tipo canguro<\/li>\n<li data-section-id=\"rvox0g\" data-start=\"1524\" data-end=\"1565\">Bolsillo adicional con doble apertura<\/li>\n<li data-section-id=\"ypocpk\" data-start=\"1566\" data-end=\"1608\">Cintas traseras para ajuste en cintura<\/li>\n<li data-section-id=\"plrfjm\" data-start=\"1609\" data-end=\"1628\">Ligero y c\u00f3modo<\/li>\n<li data-section-id=\"167gr82\" data-start=\"1629\" data-end=\"1659\">Ideal para personalizaci\u00f3n<\/li>\n<\/ul>\n<hr data-start=\"1661\" data-end=\"1664\" \/>\n<h3 data-section-id=\"h6ukut\" data-start=\"1666\" data-end=\"1685\"><span role=\"text\"><strong data-start=\"1670\" data-end=\"1685\">Composici\u00f3n<\/strong><\/span><\/h3>\n<ul data-start=\"1686\" data-end=\"1810\">\n<li data-section-id=\"o8alwo\" data-start=\"1686\" data-end=\"1734\"><strong data-start=\"1688\" data-end=\"1696\">DNV:<\/strong> 100 % algod\u00f3n \u2013 <strong data-start=\"1713\" data-end=\"1732\">220 g\/m\u00b2 aprox.<\/strong><\/li>\n<li data-section-id=\"iqe8vp\" data-start=\"1735\" data-end=\"1810\"><strong data-start=\"1737\" data-end=\"1758\">Resto de colores:<\/strong> 65 % poli\u00e9ster \/ 35 % algod\u00f3n \u2013 <strong data-start=\"1791\" data-end=\"1810\">180 g\/m\u00b2 aprox.<\/strong><\/li>\n<\/ul>\n","protected":false},"excerpt":{"rendered":"<p>Delantal corto unisex con bolsillo canguro y doble compartimento. Ideal para hosteler\u00eda y personalizaci\u00f3n.<\/p>\n","protected":false},"featured_media":309762,"comment_status":"closed","ping_status":"closed","template":"","meta":{"_et_pb_use_builder":"","_et_pb_old_content":"","_et_gb_content_width":"","_joinchat":[]},"product_brand":[],"product_cat":[300],"product_tag":[106,165,133],"class_list":{"0":"post-309738","1":"product","2":"type-product","3":"status-publish","4":"has-post-thumbnail","6":"product_cat-ropa-laboral","7":"product_tag-algodon","8":"product_tag-poliester","9":"product_tag-unisex","11":"first","12":"instock","13":"taxable","14":"shipping-taxable","15":"product-type-simple"},"yoast_head":"<!-- This site is optimized with the Yoast SEO plugin v27.4 - https:\/\/yoast.com\/product\/yoast-seo-wordpress\/ -->\n<title>Vienna (apron) - Imprenta Digital Guzm\u00e1n<\/title>\n<meta name=\"description\" content=\"Delantal corto unisex con bolsillo canguro y doble compartimento. Ideal para camareros, hosteler\u00eda y personalizaci\u00f3n textil.\" \/>\n<meta name=\"robots\" content=\"index, follow, max-snippet:-1, max-image-preview:large, max-video-preview:-1\" \/>\n<link rel=\"canonical\" href=\"https:\/\/www.imprentadigitalguzman.com\/inicio\/producto\/vienna-apron\/\" \/>\n<meta property=\"og:locale\" content=\"es_ES\" \/>\n<meta property=\"og:type\" content=\"article\" \/>\n<meta property=\"og:title\" content=\"Vienna (apron) - Imprenta Digital Guzm\u00e1n\" \/>\n<meta property=\"og:description\" content=\"Delantal corto unisex con bolsillo canguro y doble compartimento. Ideal para camareros, hosteler\u00eda y personalizaci\u00f3n textil.\" \/>\n<meta property=\"og:url\" content=\"https:\/\/www.imprentadigitalguzman.com\/inicio\/producto\/vienna-apron\/\" \/>\n<meta property=\"og:site_name\" content=\"Imprenta Digital Guzm\u00e1n\" \/>\n<meta property=\"article:modified_time\" content=\"2026-04-14T08:37:03+00:00\" \/>\n<meta property=\"og:image\" content=\"https:\/\/www.imprentadigitalguzman.com\/wp-content\/uploads\/2026\/04\/vienna-apron-.png\" \/>\n\t<meta property=\"og:image:width\" content=\"600\" \/>\n\t<meta property=\"og:image:height\" content=\"600\" \/>\n\t<meta property=\"og:image:type\" content=\"image\/png\" \/>\n<meta name=\"twitter:card\" content=\"summary_large_image\" \/>\n<meta name=\"twitter:label1\" content=\"Tiempo de lectura\" \/>\n\t<meta name=\"twitter:data1\" content=\"2 minutos\" \/>\n<script type=\"application\/ld+json\" class=\"yoast-schema-graph\">{\"@context\":\"https:\\\/\\\/schema.org\",\"@graph\":[{\"@type\":\"WebPage\",\"@id\":\"https:\\\/\\\/www.imprentadigitalguzman.com\\\/inicio\\\/producto\\\/vienna-apron\\\/\",\"url\":\"https:\\\/\\\/www.imprentadigitalguzman.com\\\/inicio\\\/producto\\\/vienna-apron\\\/\",\"name\":\"Vienna (apron) - Imprenta Digital Guzm\u00e1n\",\"isPartOf\":{\"@id\":\"https:\\\/\\\/www.imprentadigitalguzman.com\\\/inicio\\\/#website\"},\"primaryImageOfPage\":{\"@id\":\"https:\\\/\\\/www.imprentadigitalguzman.com\\\/inicio\\\/producto\\\/vienna-apron\\\/#primaryimage\"},\"image\":{\"@id\":\"https:\\\/\\\/www.imprentadigitalguzman.com\\\/inicio\\\/producto\\\/vienna-apron\\\/#primaryimage\"},\"thumbnailUrl\":\"https:\\\/\\\/www.imprentadigitalguzman.com\\\/wp-content\\\/uploads\\\/2026\\\/04\\\/vienna-apron-.png\",\"datePublished\":\"2026-04-13T10:05:30+00:00\",\"dateModified\":\"2026-04-14T08:37:03+00:00\",\"description\":\"Delantal corto unisex con bolsillo canguro y doble compartimento. Ideal para camareros, hosteler\u00eda y personalizaci\u00f3n textil.\",\"breadcrumb\":{\"@id\":\"https:\\\/\\\/www.imprentadigitalguzman.com\\\/inicio\\\/producto\\\/vienna-apron\\\/#breadcrumb\"},\"inLanguage\":\"es\",\"potentialAction\":[{\"@type\":\"ReadAction\",\"target\":[\"https:\\\/\\\/www.imprentadigitalguzman.com\\\/inicio\\\/producto\\\/vienna-apron\\\/\"]}]},{\"@type\":\"ImageObject\",\"inLanguage\":\"es\",\"@id\":\"https:\\\/\\\/www.imprentadigitalguzman.com\\\/inicio\\\/producto\\\/vienna-apron\\\/#primaryimage\",\"url\":\"https:\\\/\\\/www.imprentadigitalguzman.com\\\/wp-content\\\/uploads\\\/2026\\\/04\\\/vienna-apron-.png\",\"contentUrl\":\"https:\\\/\\\/www.imprentadigitalguzman.com\\\/wp-content\\\/uploads\\\/2026\\\/04\\\/vienna-apron-.png\",\"width\":600,\"height\":600,\"caption\":\"mandil-corto-ropa-laboral-en-imprenta-digital-guzman-a-el-mejor-precio-con-envios-por-toda-espa\u00f1a\"},{\"@type\":\"BreadcrumbList\",\"@id\":\"https:\\\/\\\/www.imprentadigitalguzman.com\\\/inicio\\\/producto\\\/vienna-apron\\\/#breadcrumb\",\"itemListElement\":[{\"@type\":\"ListItem\",\"position\":1,\"name\":\"Portada\",\"item\":\"https:\\\/\\\/www.imprentadigitalguzman.com\\\/inicio\\\/\"},{\"@type\":\"ListItem\",\"position\":2,\"name\":\"Shop\",\"item\":\"https:\\\/\\\/www.imprentadigitalguzman.com\\\/inicio\\\/shop\\\/\"},{\"@type\":\"ListItem\",\"position\":3,\"name\":\"Vienna (apron)\"}]},{\"@type\":\"WebSite\",\"@id\":\"https:\\\/\\\/www.imprentadigitalguzman.com\\\/inicio\\\/#website\",\"url\":\"https:\\\/\\\/www.imprentadigitalguzman.com\\\/inicio\\\/\",\"name\":\"Imprenta Digital Guzm\u00e1n\",\"description\":\"\",\"potentialAction\":[{\"@type\":\"SearchAction\",\"target\":{\"@type\":\"EntryPoint\",\"urlTemplate\":\"https:\\\/\\\/www.imprentadigitalguzman.com\\\/inicio\\\/?s={search_term_string}\"},\"query-input\":{\"@type\":\"PropertyValueSpecification\",\"valueRequired\":true,\"valueName\":\"search_term_string\"}}],\"inLanguage\":\"es\"}]}<\/script>\n<!-- \/ Yoast SEO plugin. -->","yoast_head_json":{"title":"Vienna (apron) - Imprenta Digital Guzm\u00e1n","description":"Delantal corto unisex con bolsillo canguro y doble compartimento. Ideal para camareros, hosteler\u00eda y personalizaci\u00f3n textil.","robots":{"index":"index","follow":"follow","max-snippet":"max-snippet:-1","max-image-preview":"max-image-preview:large","max-video-preview":"max-video-preview:-1"},"canonical":"https:\/\/www.imprentadigitalguzman.com\/inicio\/producto\/vienna-apron\/","og_locale":"es_ES","og_type":"article","og_title":"Vienna (apron) - Imprenta Digital Guzm\u00e1n","og_description":"Delantal corto unisex con bolsillo canguro y doble compartimento. Ideal para camareros, hosteler\u00eda y personalizaci\u00f3n textil.","og_url":"https:\/\/www.imprentadigitalguzman.com\/inicio\/producto\/vienna-apron\/","og_site_name":"Imprenta Digital Guzm\u00e1n","article_modified_time":"2026-04-14T08:37:03+00:00","og_image":[{"width":600,"height":600,"url":"https:\/\/www.imprentadigitalguzman.com\/wp-content\/uploads\/2026\/04\/vienna-apron-.png","type":"image\/png"}],"twitter_card":"summary_large_image","twitter_misc":{"Tiempo de lectura":"2 minutos"},"schema":{"@context":"https:\/\/schema.org","@graph":[{"@type":"WebPage","@id":"https:\/\/www.imprentadigitalguzman.com\/inicio\/producto\/vienna-apron\/","url":"https:\/\/www.imprentadigitalguzman.com\/inicio\/producto\/vienna-apron\/","name":"Vienna (apron) - Imprenta Digital Guzm\u00e1n","isPartOf":{"@id":"https:\/\/www.imprentadigitalguzman.com\/inicio\/#website"},"primaryImageOfPage":{"@id":"https:\/\/www.imprentadigitalguzman.com\/inicio\/producto\/vienna-apron\/#primaryimage"},"image":{"@id":"https:\/\/www.imprentadigitalguzman.com\/inicio\/producto\/vienna-apron\/#primaryimage"},"thumbnailUrl":"https:\/\/www.imprentadigitalguzman.com\/wp-content\/uploads\/2026\/04\/vienna-apron-.png","datePublished":"2026-04-13T10:05:30+00:00","dateModified":"2026-04-14T08:37:03+00:00","description":"Delantal corto unisex con bolsillo canguro y doble compartimento. Ideal para camareros, hosteler\u00eda y personalizaci\u00f3n textil.","breadcrumb":{"@id":"https:\/\/www.imprentadigitalguzman.com\/inicio\/producto\/vienna-apron\/#breadcrumb"},"inLanguage":"es","potentialAction":[{"@type":"ReadAction","target":["https:\/\/www.imprentadigitalguzman.com\/inicio\/producto\/vienna-apron\/"]}]},{"@type":"ImageObject","inLanguage":"es","@id":"https:\/\/www.imprentadigitalguzman.com\/inicio\/producto\/vienna-apron\/#primaryimage","url":"https:\/\/www.imprentadigitalguzman.com\/wp-content\/uploads\/2026\/04\/vienna-apron-.png","contentUrl":"https:\/\/www.imprentadigitalguzman.com\/wp-content\/uploads\/2026\/04\/vienna-apron-.png","width":600,"height":600,"caption":"mandil-corto-ropa-laboral-en-imprenta-digital-guzman-a-el-mejor-precio-con-envios-por-toda-espa\u00f1a"},{"@type":"BreadcrumbList","@id":"https:\/\/www.imprentadigitalguzman.com\/inicio\/producto\/vienna-apron\/#breadcrumb","itemListElement":[{"@type":"ListItem","position":1,"name":"Portada","item":"https:\/\/www.imprentadigitalguzman.com\/inicio\/"},{"@type":"ListItem","position":2,"name":"Shop","item":"https:\/\/www.imprentadigitalguzman.com\/inicio\/shop\/"},{"@type":"ListItem","position":3,"name":"Vienna (apron)"}]},{"@type":"WebSite","@id":"https:\/\/www.imprentadigitalguzman.com\/inicio\/#website","url":"https:\/\/www.imprentadigitalguzman.com\/inicio\/","name":"Imprenta Digital Guzm\u00e1n","description":"","potentialAction":[{"@type":"SearchAction","target":{"@type":"EntryPoint","urlTemplate":"https:\/\/www.imprentadigitalguzman.com\/inicio\/?s={search_term_string}"},"query-input":{"@type":"PropertyValueSpecification","valueRequired":true,"valueName":"search_term_string"}}],"inLanguage":"es"}]}},"_links":{"self":[{"href":"https:\/\/www.imprentadigitalguzman.com\/inicio\/wp-json\/wp\/v2\/product\/309738","targetHints":{"allow":["GET"]}}],"collection":[{"href":"https:\/\/www.imprentadigitalguzman.com\/inicio\/wp-json\/wp\/v2\/product"}],"about":[{"href":"https:\/\/www.imprentadigitalguzman.com\/inicio\/wp-json\/wp\/v2\/types\/product"}],"replies":[{"embeddable":true,"href":"https:\/\/www.imprentadigitalguzman.com\/inicio\/wp-json\/wp\/v2\/comments?post=309738"}],"wp:featuredmedia":[{"embeddable":true,"href":"https:\/\/www.imprentadigitalguzman.com\/inicio\/wp-json\/wp\/v2\/media\/309762"}],"wp:attachment":[{"href":"https:\/\/www.imprentadigitalguzman.com\/inicio\/wp-json\/wp\/v2\/media?parent=309738"}],"wp:term":[{"taxonomy":"product_brand","embeddable":true,"href":"https:\/\/www.imprentadigitalguzman.com\/inicio\/wp-json\/wp\/v2\/product_brand?post=309738"},{"taxonomy":"product_cat","embeddable":true,"href":"https:\/\/www.imprentadigitalguzman.com\/inicio\/wp-json\/wp\/v2\/product_cat?post=309738"},{"taxonomy":"product_tag","embeddable":true,"href":"https:\/\/www.imprentadigitalguzman.com\/inicio\/wp-json\/wp\/v2\/product_tag?post=309738"}],"curies":[{"name":"wp","href":"https:\/\/api.w.org\/{rel}","templated":true}]}}